{"id":972507,"date":"2024-12-12T05:47:05","date_gmt":"2024-12-12T04:47:05","guid":{"rendered":"https:\/\/streetmarkets.fr\/app\/produit\/evan-new-leather-sneaker\/"},"modified":"2026-03-16T05:43:56","modified_gmt":"2026-03-16T04:43:56","slug":"evan-new-leather-sneaker","status":"publish","type":"product","link":"https:\/\/streetmarkets.fr\/app\/produit\/evan-new-leather-sneaker\/","title":{"rendered":"Evan New Leather Sneaker"},"content":{"rendered":"<p><!--td {border: 1px solid #cccccc;}br {mso-data-placement:same-cell;}--><\/p>\n<p><span data-sheets-root=\"1\" data-sheets-value=\"{&quot;1&quot;:2,&quot;2&quot;:&quot;D\u00e9couvrez les sneakers Evan de SELECTED, une ic\u00f4ne de style intemporelle pour homme. \\n\\nFabriqu\u00e9es en cuir de vachette de haute qualit\u00e9, ces chaussures de sport allient \u00e9l\u00e9gance et confort. Dot\u00e9es de lacets en polyester et d'une doublure en textile, elles offrent un ajustement parfait et un soutien optimal tout au long de la journ\u00e9e. \\n\\nLa semelle en caoutchouc assure une adh\u00e9rence fiable et une durabilit\u00e9, id\u00e9ale pour une utilisation quotidienne. Disponibles en noir \u00e9l\u00e9gant, les sneakers Evan se marient facilement avec toutes les tenues, que ce soit pour un look d\u00e9contract\u00e9 ou plus habill\u00e9. Parfaites pour les hommes qui appr\u00e9cient le m\u00e9lange subtil de sobri\u00e9t\u00e9 et de confort dans leur garde-robe.&quot;}\" data-sheets-userformat='{\"2\":769,\"3\":{\"1\":0},\"11\":4,\"12\":0}'>D\u00e9couvrez les sneakers <strong>Evan New Leather Sneaker<\/strong> de <strong>Selected<\/strong>, une ic\u00f4ne de style intemporelle pour homme.\u00a0<\/p>\n<p>Fabriqu\u00e9es en <strong>cuir de vachette<\/strong> de haute qualit\u00e9, ces chaussures de sport allient \u00e9l\u00e9gance et confort. Dot\u00e9es de lacets en polyester et d&#8217;une doublure en textile, elles offrent un ajustement parfait et un soutien optimal tout au long de la journ\u00e9e. <\/p>\n<p>La semelle en caoutchouc assure une adh\u00e9rence fiable et une durabilit\u00e9, id\u00e9ale pour une utilisation quotidienne. Disponibles en noir \u00e9l\u00e9gant, les sneakers Evan se marient facilement avec toutes les tenues, que ce soit pour un look <strong>d\u00e9contract\u00e9<\/strong> ou plus <strong>habill\u00e9<\/strong>. Parfaites pour les hommes qui appr\u00e9cient le m\u00e9lange subtil de sobri\u00e9t\u00e9 et de confort dans leur garde-robe.<\/span><\/p>\n","protected":false},"excerpt":{"rendered":"<p>D\u00e9couvrez les sneakers Evan New Leather Sneaker de Selected, une ic\u00f4ne de style intemporelle pour homme.\u00a0 Fabriqu\u00e9es en cuir de vachette de haute qualit\u00e9, ces chaussures de sport allient \u00e9l\u00e9gance et confort. Dot\u00e9es de lacets en polyester et d&#8217;une doublure en textile, elles offrent un ajustement parfait et un soutien optimal tout au long de [&hellip;]<\/p>\n","protected":false},"featured_media":972508,"comment_status":"open","ping_status":"closed","template":"","meta":[],"product_brand":[],"product_cat":[1756,1759],"product_tag":[2244],"acf":[],"_links":{"self":[{"href":"https:\/\/streetmarkets.fr\/app\/wp-json\/wp\/v2\/product\/972507"}],"collection":[{"href":"https:\/\/streetmarkets.fr\/app\/wp-json\/wp\/v2\/product"}],"about":[{"href":"https:\/\/streetmarkets.fr\/app\/wp-json\/wp\/v2\/types\/product"}],"replies":[{"embeddable":true,"href":"https:\/\/streetmarkets.fr\/app\/wp-json\/wp\/v2\/comments?post=972507"}],"wp:featuredmedia":[{"embeddable":true,"href":"https:\/\/streetmarkets.fr\/app\/wp-json\/wp\/v2\/media\/972508"}],"wp:attachment":[{"href":"https:\/\/streetmarkets.fr\/app\/wp-json\/wp\/v2\/media?parent=972507"}],"wp:term":[{"taxonomy":"product_brand","embeddable":true,"href":"https:\/\/streetmarkets.fr\/app\/wp-json\/wp\/v2\/product_brand?post=972507"},{"taxonomy":"product_cat","embeddable":true,"href":"https:\/\/streetmarkets.fr\/app\/wp-json\/wp\/v2\/product_cat?post=972507"},{"taxonomy":"product_tag","embeddable":true,"href":"https:\/\/streetmarkets.fr\/app\/wp-json\/wp\/v2\/product_tag?post=972507"}],"curies":[{"name":"wp","href":"https:\/\/api.w.org\/{rel}","templated":true}]}}