{"id":950463,"date":"2024-12-08T07:42:55","date_gmt":"2024-12-08T06:42:55","guid":{"rendered":"https:\/\/streetmarkets.fr\/app\/produit\/bracelet-irene-en-labradorite-leticia-ponti\/"},"modified":"2026-05-12T08:38:08","modified_gmt":"2026-05-12T06:38:08","slug":"bracelet-irene-en-labradorite-leticia-ponti","status":"publish","type":"product","link":"https:\/\/streetmarkets.fr\/app\/produit\/bracelet-irene-en-labradorite-leticia-ponti\/","title":{"rendered":"Bracelet Ir\u00e8ne en labradorite &#8211; Leticia Ponti"},"content":{"rendered":"<p>Le bracelet Ir\u00e8ne est compos\u00e9 de pierres semi pr\u00e9cieuses en labradorite et d&#8217;intercalaires plaqu\u00e9s or 3 microns.\u00a0<\/p>\n<p>Cordon coulissant permettant de s&#8217;ajuster \u00e0 toutes de poignets.\u00a0<\/p>\n<p>\u00a0<\/p>\n","protected":false},"excerpt":{"rendered":"<p>Le bracelet Ir\u00e8ne est compos\u00e9 de pierres semi pr\u00e9cieuses en labradorite et d&#8217;intercalaires plaqu\u00e9s or 3 microns.\u00a0 Cordon coulissant permettant de s&#8217;ajuster \u00e0 toutes de poignets.\u00a0 \u00a0<\/p>\n","protected":false},"featured_media":950464,"comment_status":"open","ping_status":"closed","template":"","meta":[],"product_brand":[],"product_cat":[1807,1756],"product_tag":[2244],"acf":[],"_links":{"self":[{"href":"https:\/\/streetmarkets.fr\/app\/wp-json\/wp\/v2\/product\/950463"}],"collection":[{"href":"https:\/\/streetmarkets.fr\/app\/wp-json\/wp\/v2\/product"}],"about":[{"href":"https:\/\/streetmarkets.fr\/app\/wp-json\/wp\/v2\/types\/product"}],"replies":[{"embeddable":true,"href":"https:\/\/streetmarkets.fr\/app\/wp-json\/wp\/v2\/comments?post=950463"}],"wp:featuredmedia":[{"embeddable":true,"href":"https:\/\/streetmarkets.fr\/app\/wp-json\/wp\/v2\/media\/950464"}],"wp:attachment":[{"href":"https:\/\/streetmarkets.fr\/app\/wp-json\/wp\/v2\/media?parent=950463"}],"wp:term":[{"taxonomy":"product_brand","embeddable":true,"href":"https:\/\/streetmarkets.fr\/app\/wp-json\/wp\/v2\/product_brand?post=950463"},{"taxonomy":"product_cat","embeddable":true,"href":"https:\/\/streetmarkets.fr\/app\/wp-json\/wp\/v2\/product_cat?post=950463"},{"taxonomy":"product_tag","embeddable":true,"href":"https:\/\/streetmarkets.fr\/app\/wp-json\/wp\/v2\/product_tag?post=950463"}],"curies":[{"name":"wp","href":"https:\/\/api.w.org\/{rel}","templated":true}]}}