{"id":939901,"date":"2024-12-07T01:06:07","date_gmt":"2024-12-07T00:06:07","guid":{"rendered":"https:\/\/streetmarkets.fr\/app\/produit\/nouveau-xirena-blouse-lucielle-windmill-blue\/"},"modified":"2026-05-06T02:00:29","modified_gmt":"2026-05-06T00:00:29","slug":"nouveau-xirena-blouse-lucielle-windmill-blue","status":"publish","type":"product","link":"https:\/\/streetmarkets.fr\/app\/produit\/nouveau-xirena-blouse-lucielle-windmill-blue\/","title":{"rendered":"XIRENA Blouse Lucielle Windmill Blue -50%"},"content":{"rendered":"<p class=\"\" data-rte-preserve-empty=\"true\">Blouse courte en coton coupe ample, broderies anglaises et volants, manches longues, emmanchure large et poignets resserr\u00e9s, boutonn\u00e9e \u00e0 l\u2019encolure, pliss\u00e9e devant et dos. \u00c9galement disponible dans les couleurs White et Washed Black.<\/p>\n<p class=\"\" data-rte-preserve-empty=\"true\">\n<p class=\"\" data-rte-preserve-empty=\"true\"><span>D\u00e9tail : 100% coton<\/span><\/p>\n","protected":false},"excerpt":{"rendered":"<p>Blouse courte en coton coupe ample, broderies anglaises et volants, manches longues, emmanchure large et poignets resserr\u00e9s, boutonn\u00e9e \u00e0 l\u2019encolure, pliss\u00e9e devant et dos. \u00c9galement disponible dans les couleurs White et Washed Black. D\u00e9tail : 100% coton<\/p>\n","protected":false},"featured_media":939902,"comment_status":"open","ping_status":"closed","template":"","meta":[],"product_brand":[],"product_cat":[1756,1762],"product_tag":[2244],"acf":[],"_links":{"self":[{"href":"https:\/\/streetmarkets.fr\/app\/wp-json\/wp\/v2\/product\/939901"}],"collection":[{"href":"https:\/\/streetmarkets.fr\/app\/wp-json\/wp\/v2\/product"}],"about":[{"href":"https:\/\/streetmarkets.fr\/app\/wp-json\/wp\/v2\/types\/product"}],"replies":[{"embeddable":true,"href":"https:\/\/streetmarkets.fr\/app\/wp-json\/wp\/v2\/comments?post=939901"}],"wp:featuredmedia":[{"embeddable":true,"href":"https:\/\/streetmarkets.fr\/app\/wp-json\/wp\/v2\/media\/939902"}],"wp:attachment":[{"href":"https:\/\/streetmarkets.fr\/app\/wp-json\/wp\/v2\/media?parent=939901"}],"wp:term":[{"taxonomy":"product_brand","embeddable":true,"href":"https:\/\/streetmarkets.fr\/app\/wp-json\/wp\/v2\/product_brand?post=939901"},{"taxonomy":"product_cat","embeddable":true,"href":"https:\/\/streetmarkets.fr\/app\/wp-json\/wp\/v2\/product_cat?post=939901"},{"taxonomy":"product_tag","embeddable":true,"href":"https:\/\/streetmarkets.fr\/app\/wp-json\/wp\/v2\/product_tag?post=939901"}],"curies":[{"name":"wp","href":"https:\/\/api.w.org\/{rel}","templated":true}]}}