{"id":933605,"date":"2024-12-05T05:45:32","date_gmt":"2024-12-05T04:45:32","guid":{"rendered":"https:\/\/streetmarkets.fr\/app\/produit\/castor-x-c-shirt-14684\/"},"modified":"2026-03-16T05:43:26","modified_gmt":"2026-03-16T04:43:26","slug":"castor-x-c-shirt-14684","status":"publish","type":"product","link":"https:\/\/streetmarkets.fr\/app\/produit\/castor-x-c-shirt-14684\/","title":{"rendered":"Castor x C Shirt 14684"},"content":{"rendered":"<p><!--td {border: 1px solid #cccccc;}br {mso-data-placement:same-cell;}--><\/p>\n<p><span data-sheets-root=\"1\" data-sheets-value=\"{&quot;1&quot;:2,&quot;2&quot;:&quot;D\u00e9couvrez la chemise \u00e0 manches longues \\&quot;Castor X C Shirt 14684\\&quot; de Sams\u00f8e Sams\u00f8e, disponible dans un \u00e9l\u00e9gant coloris \\&quot;Stormy Weather\\&quot; (gris). Cette chemise \u00e0 coupe droite est dot\u00e9e d'un col pointu et d'une poche poitrine, offrant \u00e0 la fois style et fonctionnalit\u00e9. Son empi\u00e8cement au dos au niveau du cou ajoute une touche de sophistication suppl\u00e9mentaire.\\n\\nFabriqu\u00e9e en Italie avec un m\u00e9lange de coton, de polyester et de lin, cette chemise pr\u00e9sente des fils textur\u00e9s en slub, lui donnant un aspect chin\u00e9 unique. Son mat\u00e9riau tiss\u00e9 textur\u00e9 en slub offre un confort exceptionnel et une qualit\u00e9 durable.\\n\\nPolyvalente, cette chemise peut \u00eatre port\u00e9e seule ou utilis\u00e9e comme surchemise pour superposer vos tenues. Avec sa coupe droite et ses d\u00e9tails soign\u00e9s, la \\&quot;Castor X C Shirt 14684\\&quot; est un choix parfait pour un look \u00e9l\u00e9gant au quotidien.&quot;}\" data-sheets-userformat='{\"2\":897,\"3\":{\"1\":0},\"10\":1,\"11\":4,\"12\":0}'>D\u00e9couvrez la chemise \u00e0 manches longues &#8220;<strong>Castor X C Shirt 14684<\/strong>&#8221; de <strong>Sams\u00f8e Sams\u00f8e<\/strong>, disponible dans un \u00e9l\u00e9gant coloris &#8220;Stormy Weather&#8221; (gris). Cette chemise \u00e0 <strong>coupe droite<\/strong> est dot\u00e9e d&#8217;un col pointu et d&#8217;une poche poitrine, offrant \u00e0 la fois style et fonctionnalit\u00e9. Son empi\u00e8cement au dos au niveau du cou ajoute une touche de sophistication suppl\u00e9mentaire.<\/p>\n<p>Fabriqu\u00e9e en Italie avec un <strong>m\u00e9lange de coton<\/strong>, de polyester et de lin, cette chemise pr\u00e9sente des fils textur\u00e9s en slub, lui donnant un aspect chin\u00e9 unique. Son mat\u00e9riau tiss\u00e9 textur\u00e9 en slub offre un <strong>confort exceptionnel<\/strong> et une qualit\u00e9 durable.<\/p>\n<p>Polyvalente, cette chemise peut \u00eatre port\u00e9e seule ou utilis\u00e9e comme <strong>surchemise <\/strong>pour superposer vos tenues. Avec sa coupe droite et ses d\u00e9tails soign\u00e9s, la &#8220;<strong>Castor X C Shirt 14684<\/strong>&#8221; est un choix parfait pour un <strong>look \u00e9l\u00e9gant au quotidien<\/strong>.<\/span><\/p>\n","protected":false},"excerpt":{"rendered":"<p>D\u00e9couvrez la chemise \u00e0 manches longues &#8220;Castor X C Shirt 14684&#8221; de Sams\u00f8e Sams\u00f8e, disponible dans un \u00e9l\u00e9gant coloris &#8220;Stormy Weather&#8221; (gris). Cette chemise \u00e0 coupe droite est dot\u00e9e d&#8217;un col pointu et d&#8217;une poche poitrine, offrant \u00e0 la fois style et fonctionnalit\u00e9. Son empi\u00e8cement au dos au niveau du cou ajoute une touche de [&hellip;]<\/p>\n","protected":false},"featured_media":933606,"comment_status":"open","ping_status":"closed","template":"","meta":[],"product_brand":[],"product_cat":[1756,1758],"product_tag":[2244],"acf":[],"_links":{"self":[{"href":"https:\/\/streetmarkets.fr\/app\/wp-json\/wp\/v2\/product\/933605"}],"collection":[{"href":"https:\/\/streetmarkets.fr\/app\/wp-json\/wp\/v2\/product"}],"about":[{"href":"https:\/\/streetmarkets.fr\/app\/wp-json\/wp\/v2\/types\/product"}],"replies":[{"embeddable":true,"href":"https:\/\/streetmarkets.fr\/app\/wp-json\/wp\/v2\/comments?post=933605"}],"wp:featuredmedia":[{"embeddable":true,"href":"https:\/\/streetmarkets.fr\/app\/wp-json\/wp\/v2\/media\/933606"}],"wp:attachment":[{"href":"https:\/\/streetmarkets.fr\/app\/wp-json\/wp\/v2\/media?parent=933605"}],"wp:term":[{"taxonomy":"product_brand","embeddable":true,"href":"https:\/\/streetmarkets.fr\/app\/wp-json\/wp\/v2\/product_brand?post=933605"},{"taxonomy":"product_cat","embeddable":true,"href":"https:\/\/streetmarkets.fr\/app\/wp-json\/wp\/v2\/product_cat?post=933605"},{"taxonomy":"product_tag","embeddable":true,"href":"https:\/\/streetmarkets.fr\/app\/wp-json\/wp\/v2\/product_tag?post=933605"}],"curies":[{"name":"wp","href":"https:\/\/api.w.org\/{rel}","templated":true}]}}