{"id":922661,"date":"2024-12-04T01:11:20","date_gmt":"2024-12-04T00:11:20","guid":{"rendered":"https:\/\/streetmarkets.fr\/app\/produit\/pull-col-rond-coeur-h24-femme-noir\/"},"modified":"2025-02-04T01:10:26","modified_gmt":"2025-02-04T00:10:26","slug":"pull-col-rond-coeur-h24-femme-noir","status":"publish","type":"product","link":"https:\/\/streetmarkets.fr\/app\/produit\/pull-col-rond-coeur-h24-femme-noir\/","title":{"rendered":"Pull Col Rond Coeur (H24 \/ FEMME \/ Noir)"},"content":{"rendered":"<p>Rejoignez le Club avec ce pull long et oversize, d\u00e9clarant un c\u0153ur sign\u00e9 &#8220;Future&#8221;. Mixez-le \u00e0 un pantalon ample ou une jupe soyeuse.<\/p>\n<p>&#8211; 100% Cashgora<br \/>&#8211; C\u0153ur &#8220;Future&#8221; <br \/>&#8211; Col rond <br \/>&#8211; Manches longues <br \/>&#8211; Bords c\u00f4tel\u00e9s <br \/>&#8211; Coupe oversize<\/p>\n","protected":false},"excerpt":{"rendered":"<p>Rejoignez le Club avec ce pull long et oversize, d\u00e9clarant un c\u0153ur sign\u00e9 &#8220;Future&#8221;. Mixez-le \u00e0 un pantalon ample ou une jupe soyeuse. &#8211; 100% Cashgora&#8211; C\u0153ur &#8220;Future&#8221; &#8211; Col rond &#8211; Manches longues &#8211; Bords c\u00f4tel\u00e9s &#8211; Coupe oversize<\/p>\n","protected":false},"featured_media":922662,"comment_status":"open","ping_status":"closed","template":"","meta":[],"product_brand":[6868],"product_cat":[1756,1762],"product_tag":[2244],"acf":[],"_links":{"self":[{"href":"https:\/\/streetmarkets.fr\/app\/wp-json\/wp\/v2\/product\/922661"}],"collection":[{"href":"https:\/\/streetmarkets.fr\/app\/wp-json\/wp\/v2\/product"}],"about":[{"href":"https:\/\/streetmarkets.fr\/app\/wp-json\/wp\/v2\/types\/product"}],"replies":[{"embeddable":true,"href":"https:\/\/streetmarkets.fr\/app\/wp-json\/wp\/v2\/comments?post=922661"}],"wp:featuredmedia":[{"embeddable":true,"href":"https:\/\/streetmarkets.fr\/app\/wp-json\/wp\/v2\/media\/922662"}],"wp:attachment":[{"href":"https:\/\/streetmarkets.fr\/app\/wp-json\/wp\/v2\/media?parent=922661"}],"wp:term":[{"taxonomy":"product_brand","embeddable":true,"href":"https:\/\/streetmarkets.fr\/app\/wp-json\/wp\/v2\/product_brand?post=922661"},{"taxonomy":"product_cat","embeddable":true,"href":"https:\/\/streetmarkets.fr\/app\/wp-json\/wp\/v2\/product_cat?post=922661"},{"taxonomy":"product_tag","embeddable":true,"href":"https:\/\/streetmarkets.fr\/app\/wp-json\/wp\/v2\/product_tag?post=922661"}],"curies":[{"name":"wp","href":"https:\/\/api.w.org\/{rel}","templated":true}]}}