{"id":916159,"date":"2024-12-03T01:11:42","date_gmt":"2024-12-03T00:11:42","guid":{"rendered":"https:\/\/streetmarkets.fr\/app\/produit\/pull-col-camionneur-ski-club-h24-homme-navy\/"},"modified":"2025-03-05T01:02:28","modified_gmt":"2025-03-05T00:02:28","slug":"pull-col-camionneur-ski-club-h24-homme-navy","status":"publish","type":"product","link":"https:\/\/streetmarkets.fr\/app\/produit\/pull-col-camionneur-ski-club-h24-homme-navy\/","title":{"rendered":"Pull Col Camionneur Ski Club (H24 \/ HOMME \/ Navy)"},"content":{"rendered":"<p>Tout schuss vers un hiver styl\u00e9 dans ce pull oversize en cachemire, orn\u00e9 d\u2019une inscription &#8220;Ski Club From Future Resort&#8221;. Des bandes et des liser\u00e9s contrast\u00e9s soulignent le col et les manches longues pour une allure \u00e9l\u00e9gante sur les pistes enneig\u00e9es.<\/p>\n<p>&#8211; Pull en cachemire certifi\u00e9 GCS\u00ae Homme<br \/>\n<br \/>&#8211; Imprim\u00e9 &#8220;Ski Club From Future Resort&#8221;<br \/>\n<br \/>&#8211; Bandes et liser\u00e9s contrast\u00e9s<br \/>\n<br \/>&#8211; Col camionneur<br \/>\n<br \/>&#8211; Manches longues<br \/>\n<br \/>&#8211; Bords c\u00f4tel\u00e9s<br \/>\n<br \/>&#8211; Coupe oversize<br \/>\n<br \/>&#8211; Le Good Cashmere Standard\u00ae (GCS) est une norme ind\u00e9pendante pour un cachemire plus durable et plus responsable. Il vise \u00e0 am\u00e9liorer le bien-\u00eatre des ch\u00e8vres cachemire, les conditions de travail des \u00e9leveurs ainsi qu&#8217;\u00e0 prot\u00e9ger l&#8217;environnement.<br \/>&#8211; <u>Cachemire 4 fils<\/u> <\/p>\n","protected":false},"excerpt":{"rendered":"<p>Tout schuss vers un hiver styl\u00e9 dans ce pull oversize en cachemire, orn\u00e9 d\u2019une inscription &#8220;Ski Club From Future Resort&#8221;. Des bandes et des liser\u00e9s contrast\u00e9s soulignent le col et les manches longues pour une allure \u00e9l\u00e9gante sur les pistes enneig\u00e9es. &#8211; Pull en cachemire certifi\u00e9 GCS\u00ae Homme &#8211; Imprim\u00e9 &#8220;Ski Club From Future Resort&#8221; [&hellip;]<\/p>\n","protected":false},"featured_media":916160,"comment_status":"open","ping_status":"closed","template":"","meta":[],"product_brand":[6868],"product_cat":[1756,1758],"product_tag":[2244],"acf":[],"_links":{"self":[{"href":"https:\/\/streetmarkets.fr\/app\/wp-json\/wp\/v2\/product\/916159"}],"collection":[{"href":"https:\/\/streetmarkets.fr\/app\/wp-json\/wp\/v2\/product"}],"about":[{"href":"https:\/\/streetmarkets.fr\/app\/wp-json\/wp\/v2\/types\/product"}],"replies":[{"embeddable":true,"href":"https:\/\/streetmarkets.fr\/app\/wp-json\/wp\/v2\/comments?post=916159"}],"wp:featuredmedia":[{"embeddable":true,"href":"https:\/\/streetmarkets.fr\/app\/wp-json\/wp\/v2\/media\/916160"}],"wp:attachment":[{"href":"https:\/\/streetmarkets.fr\/app\/wp-json\/wp\/v2\/media?parent=916159"}],"wp:term":[{"taxonomy":"product_brand","embeddable":true,"href":"https:\/\/streetmarkets.fr\/app\/wp-json\/wp\/v2\/product_brand?post=916159"},{"taxonomy":"product_cat","embeddable":true,"href":"https:\/\/streetmarkets.fr\/app\/wp-json\/wp\/v2\/product_cat?post=916159"},{"taxonomy":"product_tag","embeddable":true,"href":"https:\/\/streetmarkets.fr\/app\/wp-json\/wp\/v2\/product_tag?post=916159"}],"curies":[{"name":"wp","href":"https:\/\/api.w.org\/{rel}","templated":true}]}}