{"id":910888,"date":"2024-12-01T23:26:54","date_gmt":"2024-12-01T22:26:54","guid":{"rendered":"https:\/\/streetmarkets.fr\/app\/produit\/grand-cendrier-ou-vide-poche-en-verre-taille-vintage-chinois-annee-80\/"},"modified":"2025-09-01T00:27:04","modified_gmt":"2025-08-31T22:27:04","slug":"grand-cendrier-ou-vide-poche-en-verre-taille-vintage-chinois-annee-80","status":"publish","type":"product","link":"https:\/\/streetmarkets.fr\/app\/produit\/grand-cendrier-ou-vide-poche-en-verre-taille-vintage-chinois-annee-80\/","title":{"rendered":"Grand cendrier ou vide poche en verre taill\u00e9 (vintage chinois &#8211; ann\u00e9e 80)"},"content":{"rendered":"<p>Tr\u00e8s belle pi\u00e8ce taill\u00e9e dans le verre et de couleur prune marron<\/p>\n<p>Id\u00e9al cendrier ou d\u00e9tourn\u00e9e en vide poche<\/p>\n<p>Artisanat chinois des ann\u00e9es 80. Pi\u00e8ce unique.<\/p>\n<p>&nbsp;<\/p>\n<p>&nbsp;<\/p>\n<p>&nbsp;<\/p>\n<p>&nbsp;<\/p>\n","protected":false},"excerpt":{"rendered":"<p>Tr\u00e8s belle pi\u00e8ce taill\u00e9e dans le verre et de couleur prune marron Id\u00e9al cendrier ou d\u00e9tourn\u00e9e en vide poche Artisanat chinois des ann\u00e9es 80. Pi\u00e8ce unique. &nbsp; &nbsp; &nbsp; &nbsp;<\/p>\n","protected":false},"featured_media":910889,"comment_status":"open","ping_status":"closed","template":"","meta":[],"product_brand":[],"product_cat":[1756],"product_tag":[1811,2122],"acf":[],"_links":{"self":[{"href":"https:\/\/streetmarkets.fr\/app\/wp-json\/wp\/v2\/product\/910888"}],"collection":[{"href":"https:\/\/streetmarkets.fr\/app\/wp-json\/wp\/v2\/product"}],"about":[{"href":"https:\/\/streetmarkets.fr\/app\/wp-json\/wp\/v2\/types\/product"}],"replies":[{"embeddable":true,"href":"https:\/\/streetmarkets.fr\/app\/wp-json\/wp\/v2\/comments?post=910888"}],"wp:featuredmedia":[{"embeddable":true,"href":"https:\/\/streetmarkets.fr\/app\/wp-json\/wp\/v2\/media\/910889"}],"wp:attachment":[{"href":"https:\/\/streetmarkets.fr\/app\/wp-json\/wp\/v2\/media?parent=910888"}],"wp:term":[{"taxonomy":"product_brand","embeddable":true,"href":"https:\/\/streetmarkets.fr\/app\/wp-json\/wp\/v2\/product_brand?post=910888"},{"taxonomy":"product_cat","embeddable":true,"href":"https:\/\/streetmarkets.fr\/app\/wp-json\/wp\/v2\/product_cat?post=910888"},{"taxonomy":"product_tag","embeddable":true,"href":"https:\/\/streetmarkets.fr\/app\/wp-json\/wp\/v2\/product_tag?post=910888"}],"curies":[{"name":"wp","href":"https:\/\/api.w.org\/{rel}","templated":true}]}}