{"id":898036,"date":"2024-11-29T01:10:07","date_gmt":"2024-11-29T00:10:07","guid":{"rendered":"https:\/\/streetmarkets.fr\/app\/produit\/pull-col-rond-oversize-leger-h24-femme-gris-chine-fonce\/"},"modified":"2025-03-04T01:07:25","modified_gmt":"2025-03-04T00:07:25","slug":"pull-col-rond-oversize-leger-h24-femme-gris-chine-fonce","status":"publish","type":"product","link":"https:\/\/streetmarkets.fr\/app\/produit\/pull-col-rond-oversize-leger-h24-femme-gris-chine-fonce\/","title":{"rendered":"Pull Col Rond Oversize L\u00e9ger (H24 \/ FEMME \/ Gris Chin\u00e9 Fonc\u00e9)"},"content":{"rendered":"<p>Empreint de douceur et de l\u00e9g\u00e8ret\u00e9, ce pull long et oversize confectionn\u00e9 en cachemire s&#8217;impose comme un essentiel du vestiaire FROM FUTURE. Muni d&#8217;un col rond, de manches longues et de bords c\u00f4tel\u00e9s, il incarne l&#8217;\u00e9l\u00e9gance intemporelle avec ses lignes \u00e9pur\u00e9es. Facile \u00e0 mixer, compl\u00e9tez votre look avec une robe fluide ou un jean casual.<\/p>\n<p>&#8211; Pull long en cachemire l\u00e9ger certifi\u00e9 GCS\u00ae Femme<br \/>\n<br \/>&#8211; Col rond<br \/>\n<br \/>&#8211; Manches longues<br \/>\n<br \/>&#8211; Bords c\u00f4tel\u00e9s<br \/>\n<br \/>&#8211; Coupe oversize<br \/>\n<br \/>&#8211; Le Good Cashmere Standard\u00ae (GCS) est une norme ind\u00e9pendante pour un cachemire plus durable et plus responsable. Il vise \u00e0 am\u00e9liorer le bien-\u00eatre des ch\u00e8vres cachemire, les conditions de travail des \u00e9leveurs ainsi qu&#8217;\u00e0 prot\u00e9ger l&#8217;environnement.<\/p>\n","protected":false},"excerpt":{"rendered":"<p>Empreint de douceur et de l\u00e9g\u00e8ret\u00e9, ce pull long et oversize confectionn\u00e9 en cachemire s&#8217;impose comme un essentiel du vestiaire FROM FUTURE. Muni d&#8217;un col rond, de manches longues et de bords c\u00f4tel\u00e9s, il incarne l&#8217;\u00e9l\u00e9gance intemporelle avec ses lignes \u00e9pur\u00e9es. Facile \u00e0 mixer, compl\u00e9tez votre look avec une robe fluide ou un jean casual. [&hellip;]<\/p>\n","protected":false},"featured_media":898037,"comment_status":"open","ping_status":"closed","template":"","meta":[],"product_brand":[6868],"product_cat":[1756,1762],"product_tag":[2244],"acf":[],"_links":{"self":[{"href":"https:\/\/streetmarkets.fr\/app\/wp-json\/wp\/v2\/product\/898036"}],"collection":[{"href":"https:\/\/streetmarkets.fr\/app\/wp-json\/wp\/v2\/product"}],"about":[{"href":"https:\/\/streetmarkets.fr\/app\/wp-json\/wp\/v2\/types\/product"}],"replies":[{"embeddable":true,"href":"https:\/\/streetmarkets.fr\/app\/wp-json\/wp\/v2\/comments?post=898036"}],"wp:featuredmedia":[{"embeddable":true,"href":"https:\/\/streetmarkets.fr\/app\/wp-json\/wp\/v2\/media\/898037"}],"wp:attachment":[{"href":"https:\/\/streetmarkets.fr\/app\/wp-json\/wp\/v2\/media?parent=898036"}],"wp:term":[{"taxonomy":"product_brand","embeddable":true,"href":"https:\/\/streetmarkets.fr\/app\/wp-json\/wp\/v2\/product_brand?post=898036"},{"taxonomy":"product_cat","embeddable":true,"href":"https:\/\/streetmarkets.fr\/app\/wp-json\/wp\/v2\/product_cat?post=898036"},{"taxonomy":"product_tag","embeddable":true,"href":"https:\/\/streetmarkets.fr\/app\/wp-json\/wp\/v2\/product_tag?post=898036"}],"curies":[{"name":"wp","href":"https:\/\/api.w.org\/{rel}","templated":true}]}}