{"id":872619,"date":"2024-11-24T23:59:31","date_gmt":"2024-11-24T22:59:31","guid":{"rendered":"https:\/\/streetmarkets.fr\/app\/produit\/chaussettes-coton-bio-christmas-blanc\/"},"modified":"2026-04-11T00:56:03","modified_gmt":"2026-04-10T22:56:03","slug":"chaussettes-coton-bio-christmas-blanc","status":"publish","type":"product","link":"https:\/\/streetmarkets.fr\/app\/produit\/chaussettes-coton-bio-christmas-blanc\/","title":{"rendered":"Chaussettes coton bio &#8211; Christmas blanc"},"content":{"rendered":"<p>D\u00e9couvrez le parfait alli\u00e9 pour vos journ\u00e9es actives et vos moments de d\u00e9tente de cet hiver avec ces chaussettes sp\u00e9cial Christmas ! Bien plus qu\u2019un simple accessoire, ces chaussettes allient confort exceptionnel, style moderne et d\u00e9marche \u00e9coresponsable. Parfait pour vous Messieurs !\u00a0<\/p>\n<p>D\u00c9TAILS<\/p>\n<ul>\n<li>Disponible en Taille 41\/46<\/li>\n<li>Bord \u00e9lastique<\/li>\n<li>Talon et pointe renforc\u00e9s\n<\/li>\n<li>Fabrication en Turquie<\/li>\n<\/ul>\n<p>COMPOSITION<\/p>\n<p>85% coton biologique certifi\u00e9 GOTS, 14% polyamide recycl\u00e9, 1% \u00e9lasthanne.<\/p>\n<p>LE CONSEIL D&#8217;ASTRID<\/p>\n<p>A porter en journ\u00e9e avec des baskets ou le soir pour trainer chez vous.\u00a0<\/p>\n<p>LA MARQUE<\/p>\n<p>&#8211; Des chaussettes joyeuses et \u00e9thiques &#8211;<\/p>\n<p>Natural Vibes incarne une d\u00e9marche \u00e9coresponsable en proposant des chaussettes de qualit\u00e9, color\u00e9es avec des motifs sobres et fun, et pens\u00e9s pour respecter votre peau et notre plan\u00e8te. La marque privil\u00e9gie des mat\u00e9riaux durables, un processus de production transparent et un style moderne intemporel.<\/p>\n","protected":false},"excerpt":{"rendered":"<p>D\u00e9couvrez le parfait alli\u00e9 pour vos journ\u00e9es actives et vos moments de d\u00e9tente de cet hiver avec ces chaussettes sp\u00e9cial Christmas ! Bien plus qu\u2019un simple accessoire, ces chaussettes allient confort exceptionnel, style moderne et d\u00e9marche \u00e9coresponsable. Parfait pour vous Messieurs !\u00a0 D\u00c9TAILS Disponible en Taille 41\/46 Bord \u00e9lastique Talon et pointe renforc\u00e9s Fabrication en [&hellip;]<\/p>\n","protected":false},"featured_media":872620,"comment_status":"open","ping_status":"closed","template":"","meta":[],"product_brand":[],"product_cat":[1756],"product_tag":[1810,1813],"acf":[],"_links":{"self":[{"href":"https:\/\/streetmarkets.fr\/app\/wp-json\/wp\/v2\/product\/872619"}],"collection":[{"href":"https:\/\/streetmarkets.fr\/app\/wp-json\/wp\/v2\/product"}],"about":[{"href":"https:\/\/streetmarkets.fr\/app\/wp-json\/wp\/v2\/types\/product"}],"replies":[{"embeddable":true,"href":"https:\/\/streetmarkets.fr\/app\/wp-json\/wp\/v2\/comments?post=872619"}],"wp:featuredmedia":[{"embeddable":true,"href":"https:\/\/streetmarkets.fr\/app\/wp-json\/wp\/v2\/media\/872620"}],"wp:attachment":[{"href":"https:\/\/streetmarkets.fr\/app\/wp-json\/wp\/v2\/media?parent=872619"}],"wp:term":[{"taxonomy":"product_brand","embeddable":true,"href":"https:\/\/streetmarkets.fr\/app\/wp-json\/wp\/v2\/product_brand?post=872619"},{"taxonomy":"product_cat","embeddable":true,"href":"https:\/\/streetmarkets.fr\/app\/wp-json\/wp\/v2\/product_cat?post=872619"},{"taxonomy":"product_tag","embeddable":true,"href":"https:\/\/streetmarkets.fr\/app\/wp-json\/wp\/v2\/product_tag?post=872619"}],"curies":[{"name":"wp","href":"https:\/\/api.w.org\/{rel}","templated":true}]}}