{"id":861421,"date":"2024-11-23T00:49:00","date_gmt":"2024-11-22T23:49:00","guid":{"rendered":"https:\/\/streetmarkets.fr\/app\/produit\/sautoir-ibarra-en-ivoire-vegetal\/"},"modified":"2026-05-09T01:43:43","modified_gmt":"2026-05-08T23:43:43","slug":"sautoir-ibarra-en-ivoire-vegetal","status":"publish","type":"product","link":"https:\/\/streetmarkets.fr\/app\/produit\/sautoir-ibarra-en-ivoire-vegetal\/","title":{"rendered":"Sautoir Ibarra en ivoire v\u00e9g\u00e9tal"},"content":{"rendered":"<ul>\n<li>collier en <strong>ivoire v\u00e9g\u00e9tal<\/strong>\n<\/li>\n<li>perles d&#8217;<strong>acai <\/strong>et p\u00e9tales de<strong> tagua<\/strong>\n<\/li>\n<li>noix de<strong><span>\u00a0<\/span>tagua<\/strong>\u00a0: albumen durci du fruit d&#8217;un palmier d&#8217;Am\u00e9rique du sud<\/li>\n<li>r\u00e9alis\u00e9 par des artisans en <strong>Equateur<\/strong>\n<\/li>\n<li><strong>commerce \u00e9quitable<\/strong><\/li>\n<li>cr\u00e9ation de la marque fran\u00e7aise<strong> <a title=\"Tagua and co bijoux en ivoire v\u00e9g\u00e9tal\" href=\"https:\/\/lesouriremulticolore.com\/pages\/tagua-and-co-bijoux-ivoire-vegetal-artisanat-commerce-equitable\">Tagua and co<\/a><\/strong>\n<\/li>\n<\/ul>\n","protected":false},"excerpt":{"rendered":"<p>collier en ivoire v\u00e9g\u00e9tal perles d&#8217;acai et p\u00e9tales de tagua noix de\u00a0tagua\u00a0: albumen durci du fruit d&#8217;un palmier d&#8217;Am\u00e9rique du sud r\u00e9alis\u00e9 par des artisans en Equateur commerce \u00e9quitable cr\u00e9ation de la marque fran\u00e7aise Tagua and co<\/p>\n","protected":false},"featured_media":861422,"comment_status":"open","ping_status":"closed","template":"","meta":[],"product_brand":[],"product_cat":[1807,1756],"product_tag":[1810,1813],"acf":[],"_links":{"self":[{"href":"https:\/\/streetmarkets.fr\/app\/wp-json\/wp\/v2\/product\/861421"}],"collection":[{"href":"https:\/\/streetmarkets.fr\/app\/wp-json\/wp\/v2\/product"}],"about":[{"href":"https:\/\/streetmarkets.fr\/app\/wp-json\/wp\/v2\/types\/product"}],"replies":[{"embeddable":true,"href":"https:\/\/streetmarkets.fr\/app\/wp-json\/wp\/v2\/comments?post=861421"}],"wp:featuredmedia":[{"embeddable":true,"href":"https:\/\/streetmarkets.fr\/app\/wp-json\/wp\/v2\/media\/861422"}],"wp:attachment":[{"href":"https:\/\/streetmarkets.fr\/app\/wp-json\/wp\/v2\/media?parent=861421"}],"wp:term":[{"taxonomy":"product_brand","embeddable":true,"href":"https:\/\/streetmarkets.fr\/app\/wp-json\/wp\/v2\/product_brand?post=861421"},{"taxonomy":"product_cat","embeddable":true,"href":"https:\/\/streetmarkets.fr\/app\/wp-json\/wp\/v2\/product_cat?post=861421"},{"taxonomy":"product_tag","embeddable":true,"href":"https:\/\/streetmarkets.fr\/app\/wp-json\/wp\/v2\/product_tag?post=861421"}],"curies":[{"name":"wp","href":"https:\/\/api.w.org\/{rel}","templated":true}]}}