{"id":861214,"date":"2024-11-23T00:26:18","date_gmt":"2024-11-22T23:26:18","guid":{"rendered":"https:\/\/streetmarkets.fr\/app\/produit\/chouchou-manju-5\/"},"modified":"2026-05-06T01:14:18","modified_gmt":"2026-05-05T23:14:18","slug":"chouchou-manju-5","status":"publish","type":"product","link":"https:\/\/streetmarkets.fr\/app\/produit\/chouchou-manju-5\/","title":{"rendered":"Chouchou Manju"},"content":{"rendered":"<p><strong style=\"font-family: -apple-system, BlinkMacSystemFont, 'San Francisco', 'Segoe UI', Roboto, 'Helvetica Neue', sans-serif;font-size: 0.875rem\"><a href=\"https:\/\/frenchtouche.com\/collections\/apaches-collections\" title=\"Apaches Collections\">Collection Apaches<\/a><\/strong><\/p>\n<p><span>Au poign\u00e9e ou dans les cheveux, \u00e0 offrir ou \u00e0 s&#8217;offrir, ces jolis chouchous illumineront vos looks et votre hiver !<\/span><\/p>\n<p>100% coton.<br \/>Diam\u00e8tre environ 12 cm.<\/p>\n<p><span>Confectionn\u00e9 en Inde.<\/span><\/p>\n","protected":false},"excerpt":{"rendered":"<p>Collection Apaches Au poign\u00e9e ou dans les cheveux, \u00e0 offrir ou \u00e0 s&#8217;offrir, ces jolis chouchous illumineront vos looks et votre hiver ! 100% coton.Diam\u00e8tre environ 12 cm. Confectionn\u00e9 en Inde.<\/p>\n","protected":false},"featured_media":861215,"comment_status":"open","ping_status":"closed","template":"","meta":[],"product_brand":[],"product_cat":[1756,1764,1760],"product_tag":[2244,1813],"acf":[],"_links":{"self":[{"href":"https:\/\/streetmarkets.fr\/app\/wp-json\/wp\/v2\/product\/861214"}],"collection":[{"href":"https:\/\/streetmarkets.fr\/app\/wp-json\/wp\/v2\/product"}],"about":[{"href":"https:\/\/streetmarkets.fr\/app\/wp-json\/wp\/v2\/types\/product"}],"replies":[{"embeddable":true,"href":"https:\/\/streetmarkets.fr\/app\/wp-json\/wp\/v2\/comments?post=861214"}],"wp:featuredmedia":[{"embeddable":true,"href":"https:\/\/streetmarkets.fr\/app\/wp-json\/wp\/v2\/media\/861215"}],"wp:attachment":[{"href":"https:\/\/streetmarkets.fr\/app\/wp-json\/wp\/v2\/media?parent=861214"}],"wp:term":[{"taxonomy":"product_brand","embeddable":true,"href":"https:\/\/streetmarkets.fr\/app\/wp-json\/wp\/v2\/product_brand?post=861214"},{"taxonomy":"product_cat","embeddable":true,"href":"https:\/\/streetmarkets.fr\/app\/wp-json\/wp\/v2\/product_cat?post=861214"},{"taxonomy":"product_tag","embeddable":true,"href":"https:\/\/streetmarkets.fr\/app\/wp-json\/wp\/v2\/product_tag?post=861214"}],"curies":[{"name":"wp","href":"https:\/\/api.w.org\/{rel}","templated":true}]}}