{"id":846241,"date":"2024-11-21T01:27:03","date_gmt":"2024-11-21T00:27:03","guid":{"rendered":"https:\/\/streetmarkets.fr\/app\/produit\/veste-h24-homme-navy\/"},"modified":"2025-03-05T01:01:45","modified_gmt":"2025-03-05T00:01:45","slug":"veste-h24-homme-navy","status":"publish","type":"product","link":"https:\/\/streetmarkets.fr\/app\/produit\/veste-h24-homme-navy\/","title":{"rendered":"Veste (H24 \/ HOMME \/ Navy)"},"content":{"rendered":"<p>L&#8217;incontournable veste teddy se r\u00e9invente cette saison avec audace. Munie d&#8217;un col chemise, d&#8217;une fermeture zipp\u00e9e et de deux poches, des bords contrast\u00e9s soulignent son allure sporty-chic. Associez-la \u00e0 un t-shirt oversize, un jean d\u00e9contract\u00e9 et une casquette.<\/p>\n<p>&#8211; Veste teddy Homme<br \/>\n<br \/>&#8211; Bords contrast\u00e9s<br \/>\n<br \/>&#8211; Col chemise<br \/>\n<br \/>&#8211; Fermeture zipp\u00e9e<br \/>\n<br \/>&#8211; 2 poches<br \/>\n<br \/>&#8211; Manches longues<br \/>\n<br \/>&#8211; Coupe regular<\/p>\n","protected":false},"excerpt":{"rendered":"<p>L&#8217;incontournable veste teddy se r\u00e9invente cette saison avec audace. Munie d&#8217;un col chemise, d&#8217;une fermeture zipp\u00e9e et de deux poches, des bords contrast\u00e9s soulignent son allure sporty-chic. Associez-la \u00e0 un t-shirt oversize, un jean d\u00e9contract\u00e9 et une casquette. &#8211; Veste teddy Homme &#8211; Bords contrast\u00e9s &#8211; Col chemise &#8211; Fermeture zipp\u00e9e &#8211; 2 poches &#8211; [&hellip;]<\/p>\n","protected":false},"featured_media":846242,"comment_status":"open","ping_status":"closed","template":"","meta":[],"product_brand":[6868],"product_cat":[1756,1758],"product_tag":[2244],"acf":[],"_links":{"self":[{"href":"https:\/\/streetmarkets.fr\/app\/wp-json\/wp\/v2\/product\/846241"}],"collection":[{"href":"https:\/\/streetmarkets.fr\/app\/wp-json\/wp\/v2\/product"}],"about":[{"href":"https:\/\/streetmarkets.fr\/app\/wp-json\/wp\/v2\/types\/product"}],"replies":[{"embeddable":true,"href":"https:\/\/streetmarkets.fr\/app\/wp-json\/wp\/v2\/comments?post=846241"}],"wp:featuredmedia":[{"embeddable":true,"href":"https:\/\/streetmarkets.fr\/app\/wp-json\/wp\/v2\/media\/846242"}],"wp:attachment":[{"href":"https:\/\/streetmarkets.fr\/app\/wp-json\/wp\/v2\/media?parent=846241"}],"wp:term":[{"taxonomy":"product_brand","embeddable":true,"href":"https:\/\/streetmarkets.fr\/app\/wp-json\/wp\/v2\/product_brand?post=846241"},{"taxonomy":"product_cat","embeddable":true,"href":"https:\/\/streetmarkets.fr\/app\/wp-json\/wp\/v2\/product_cat?post=846241"},{"taxonomy":"product_tag","embeddable":true,"href":"https:\/\/streetmarkets.fr\/app\/wp-json\/wp\/v2\/product_tag?post=846241"}],"curies":[{"name":"wp","href":"https:\/\/api.w.org\/{rel}","templated":true}]}}