{"id":845830,"date":"2024-11-21T00:14:20","date_gmt":"2024-11-20T23:14:20","guid":{"rendered":"https:\/\/streetmarkets.fr\/app\/produit\/pantalon-de-pyjama-en-gaze-de-coton-bio-daphne-kaki\/"},"modified":"2025-11-24T00:15:52","modified_gmt":"2025-11-23T23:15:52","slug":"pantalon-de-pyjama-en-gaze-de-coton-bio-daphne-kaki","status":"publish","type":"product","link":"https:\/\/streetmarkets.fr\/app\/produit\/pantalon-de-pyjama-en-gaze-de-coton-bio-daphne-kaki\/","title":{"rendered":"Pantalon de pyjama en gaze de coton bio DAPHN\u00c9 KAKI"},"content":{"rendered":"<p>Ce pantalon de pyjama en gaze de coton bio r\u00e9unit tout ce qu\u2019on aime pour se d\u00e9tendre: une mati\u00e8re douce et respirante, une coupe facile \u00e0 vivre et une couleur kaki qui s\u2019assortit \u00e0 tout. Il se porte en ensemble avec la chemise Daphn\u00e9 kaki, en d\u00e9pareill\u00e9 avec la chemise Dahlia, ou en version loungewear avec un t-shirt pr\u00e9f\u00e9r\u00e9. La gaze de coton apporte un tomb\u00e9 souple et un froiss\u00e9 naturel qui \u00e9vite le repassage. Fabriqu\u00e9 de mani\u00e8re \u00e9thique au Portugal, il coche les cases du beau, du confortable et du responsable. Id\u00e9al pour mieux dormir, chiller \u00e0 la maison ou sortir en tenue casual sans renoncer au style.<\/p>\n","protected":false},"excerpt":{"rendered":"<p>Ce pantalon de pyjama en gaze de coton bio r\u00e9unit tout ce qu\u2019on aime pour se d\u00e9tendre: une mati\u00e8re douce et respirante, une coupe facile \u00e0 vivre et une couleur kaki qui s\u2019assortit \u00e0 tout. Il se porte en ensemble avec la chemise Daphn\u00e9 kaki, en d\u00e9pareill\u00e9 avec la chemise Dahlia, ou en version loungewear [&hellip;]<\/p>\n","protected":false},"featured_media":845831,"comment_status":"open","ping_status":"closed","template":"","meta":[],"product_brand":[],"product_cat":[1756,1762],"product_tag":[1810],"acf":[],"_links":{"self":[{"href":"https:\/\/streetmarkets.fr\/app\/wp-json\/wp\/v2\/product\/845830"}],"collection":[{"href":"https:\/\/streetmarkets.fr\/app\/wp-json\/wp\/v2\/product"}],"about":[{"href":"https:\/\/streetmarkets.fr\/app\/wp-json\/wp\/v2\/types\/product"}],"replies":[{"embeddable":true,"href":"https:\/\/streetmarkets.fr\/app\/wp-json\/wp\/v2\/comments?post=845830"}],"wp:featuredmedia":[{"embeddable":true,"href":"https:\/\/streetmarkets.fr\/app\/wp-json\/wp\/v2\/media\/845831"}],"wp:attachment":[{"href":"https:\/\/streetmarkets.fr\/app\/wp-json\/wp\/v2\/media?parent=845830"}],"wp:term":[{"taxonomy":"product_brand","embeddable":true,"href":"https:\/\/streetmarkets.fr\/app\/wp-json\/wp\/v2\/product_brand?post=845830"},{"taxonomy":"product_cat","embeddable":true,"href":"https:\/\/streetmarkets.fr\/app\/wp-json\/wp\/v2\/product_cat?post=845830"},{"taxonomy":"product_tag","embeddable":true,"href":"https:\/\/streetmarkets.fr\/app\/wp-json\/wp\/v2\/product_tag?post=845830"}],"curies":[{"name":"wp","href":"https:\/\/api.w.org\/{rel}","templated":true}]}}