{"id":841019,"date":"2024-11-17T23:26:51","date_gmt":"2024-11-17T22:26:51","guid":{"rendered":"https:\/\/streetmarkets.fr\/app\/produit\/t-shirt-tm-pixies-neuf-vintage-collection\/"},"modified":"2025-09-01T00:27:03","modified_gmt":"2025-08-31T22:27:03","slug":"t-shirt-tm-pixies-neuf-vintage-collection","status":"publish","type":"product","link":"https:\/\/streetmarkets.fr\/app\/produit\/t-shirt-tm-pixies-neuf-vintage-collection\/","title":{"rendered":"T-shirt TM &lsquo;Pixies&rsquo; neuf (vintage collection)"},"content":{"rendered":"<p>T-shirt \u00e9pais et tr\u00e8s bonne qualit\u00e9 de coton<\/p>\n<p>Neuf<\/p>\n<p>&nbsp;<\/p>\n<p>&nbsp;<\/p>\n","protected":false},"excerpt":{"rendered":"<p>T-shirt \u00e9pais et tr\u00e8s bonne qualit\u00e9 de coton Neuf &nbsp; &nbsp;<\/p>\n","protected":false},"featured_media":841020,"comment_status":"open","ping_status":"closed","template":"","meta":[],"product_brand":[],"product_cat":[1756,1762],"product_tag":[1811,2122],"acf":[],"_links":{"self":[{"href":"https:\/\/streetmarkets.fr\/app\/wp-json\/wp\/v2\/product\/841019"}],"collection":[{"href":"https:\/\/streetmarkets.fr\/app\/wp-json\/wp\/v2\/product"}],"about":[{"href":"https:\/\/streetmarkets.fr\/app\/wp-json\/wp\/v2\/types\/product"}],"replies":[{"embeddable":true,"href":"https:\/\/streetmarkets.fr\/app\/wp-json\/wp\/v2\/comments?post=841019"}],"wp:featuredmedia":[{"embeddable":true,"href":"https:\/\/streetmarkets.fr\/app\/wp-json\/wp\/v2\/media\/841020"}],"wp:attachment":[{"href":"https:\/\/streetmarkets.fr\/app\/wp-json\/wp\/v2\/media?parent=841019"}],"wp:term":[{"taxonomy":"product_brand","embeddable":true,"href":"https:\/\/streetmarkets.fr\/app\/wp-json\/wp\/v2\/product_brand?post=841019"},{"taxonomy":"product_cat","embeddable":true,"href":"https:\/\/streetmarkets.fr\/app\/wp-json\/wp\/v2\/product_cat?post=841019"},{"taxonomy":"product_tag","embeddable":true,"href":"https:\/\/streetmarkets.fr\/app\/wp-json\/wp\/v2\/product_tag?post=841019"}],"curies":[{"name":"wp","href":"https:\/\/api.w.org\/{rel}","templated":true}]}}