{"id":840986,"date":"2024-11-17T07:42:49","date_gmt":"2024-11-17T06:42:49","guid":{"rendered":"https:\/\/streetmarkets.fr\/app\/produit\/collier-bachaumont-perrine-taverniti\/"},"modified":"2026-05-05T08:37:55","modified_gmt":"2026-05-05T06:37:55","slug":"collier-bachaumont-perrine-taverniti","status":"publish","type":"product","link":"https:\/\/streetmarkets.fr\/app\/produit\/collier-bachaumont-perrine-taverniti\/","title":{"rendered":"Collier Bachaumont &#8211; Perrine Taverniti"},"content":{"rendered":"<div class=\"product__block product__description rte\">\n<div class=\"product__description__content rte\">\n<div class=\"product__description__content__holder\" data-truncated-holder=\"\">\n<div class=\"product__description__content__inner\">\n<div class=\"product__description__content__entry\" data-truncated-content=\"product__description__content__entry--truncate\">\n<p>Pi\u00e8ce d&#8217;exception, ce collier unique r\u00e9alis\u00e9 en laiton dor\u00e9 \u00e0 l\u2019or fin 24 carats dor\u00e9 l\u00e9g\u00e8rement patin\u00e9.<\/p>\n<\/div>\n<\/div>\n<\/div>\n<\/div>\n<\/div>\n<p>Sans Nickel.<\/p>\n<p>Taille unique.<\/p>\n","protected":false},"excerpt":{"rendered":"<p>Pi\u00e8ce d&#8217;exception, ce collier unique r\u00e9alis\u00e9 en laiton dor\u00e9 \u00e0 l\u2019or fin 24 carats dor\u00e9 l\u00e9g\u00e8rement patin\u00e9. Sans Nickel. Taille unique.<\/p>\n","protected":false},"featured_media":840987,"comment_status":"open","ping_status":"closed","template":"","meta":[],"product_brand":[],"product_cat":[1807,1756],"product_tag":[2244],"acf":[],"_links":{"self":[{"href":"https:\/\/streetmarkets.fr\/app\/wp-json\/wp\/v2\/product\/840986"}],"collection":[{"href":"https:\/\/streetmarkets.fr\/app\/wp-json\/wp\/v2\/product"}],"about":[{"href":"https:\/\/streetmarkets.fr\/app\/wp-json\/wp\/v2\/types\/product"}],"replies":[{"embeddable":true,"href":"https:\/\/streetmarkets.fr\/app\/wp-json\/wp\/v2\/comments?post=840986"}],"wp:featuredmedia":[{"embeddable":true,"href":"https:\/\/streetmarkets.fr\/app\/wp-json\/wp\/v2\/media\/840987"}],"wp:attachment":[{"href":"https:\/\/streetmarkets.fr\/app\/wp-json\/wp\/v2\/media?parent=840986"}],"wp:term":[{"taxonomy":"product_brand","embeddable":true,"href":"https:\/\/streetmarkets.fr\/app\/wp-json\/wp\/v2\/product_brand?post=840986"},{"taxonomy":"product_cat","embeddable":true,"href":"https:\/\/streetmarkets.fr\/app\/wp-json\/wp\/v2\/product_cat?post=840986"},{"taxonomy":"product_tag","embeddable":true,"href":"https:\/\/streetmarkets.fr\/app\/wp-json\/wp\/v2\/product_tag?post=840986"}],"curies":[{"name":"wp","href":"https:\/\/api.w.org\/{rel}","templated":true}]}}