{"id":840902,"date":"2024-11-17T06:41:28","date_gmt":"2024-11-17T05:41:28","guid":{"rendered":"https:\/\/streetmarkets.fr\/app\/produit\/robe-amber-soiree\/"},"modified":"2025-04-23T07:42:04","modified_gmt":"2025-04-23T05:42:04","slug":"robe-amber-soiree","status":"publish","type":"product","link":"https:\/\/streetmarkets.fr\/app\/produit\/robe-amber-soiree\/","title":{"rendered":"ROBE AMBER SOIREE"},"content":{"rendered":"<p>Robe de soir\u00e9e sexy \u00e0 bretelles et strass, elle est produite par la marque Stirtrend de robes bandantes haut de gamme faite \u00e0 la main pour femmes. Elle est utilis\u00e9e pour les f\u00eates quotidiennes, les rencontres, les voyages et les voyages quotidiens, et m\u00eame pour les banquets et les mariages haut de gamme. \u00ab Blooming your beauty \u00bb est notre philosophie de conception fondamentale, qui met g\u00e9n\u00e9ralement tr\u00e8s bien en valeur le temp\u00e9rament \u00e9l\u00e9gant et la silhouette sexy des femmes.<\/p>\n","protected":false},"excerpt":{"rendered":"<p>Robe de soir\u00e9e sexy \u00e0 bretelles et strass, elle est produite par la marque Stirtrend de robes bandantes haut de gamme faite \u00e0 la main pour femmes. Elle est utilis\u00e9e pour les f\u00eates quotidiennes, les rencontres, les voyages et les voyages quotidiens, et m\u00eame pour les banquets et les mariages haut de gamme. \u00ab Blooming [&hellip;]<\/p>\n","protected":false},"featured_media":840903,"comment_status":"open","ping_status":"closed","template":"","meta":[],"product_brand":[],"product_cat":[1756,1762],"product_tag":[1813],"acf":[],"_links":{"self":[{"href":"https:\/\/streetmarkets.fr\/app\/wp-json\/wp\/v2\/product\/840902"}],"collection":[{"href":"https:\/\/streetmarkets.fr\/app\/wp-json\/wp\/v2\/product"}],"about":[{"href":"https:\/\/streetmarkets.fr\/app\/wp-json\/wp\/v2\/types\/product"}],"replies":[{"embeddable":true,"href":"https:\/\/streetmarkets.fr\/app\/wp-json\/wp\/v2\/comments?post=840902"}],"wp:featuredmedia":[{"embeddable":true,"href":"https:\/\/streetmarkets.fr\/app\/wp-json\/wp\/v2\/media\/840903"}],"wp:attachment":[{"href":"https:\/\/streetmarkets.fr\/app\/wp-json\/wp\/v2\/media?parent=840902"}],"wp:term":[{"taxonomy":"product_brand","embeddable":true,"href":"https:\/\/streetmarkets.fr\/app\/wp-json\/wp\/v2\/product_brand?post=840902"},{"taxonomy":"product_cat","embeddable":true,"href":"https:\/\/streetmarkets.fr\/app\/wp-json\/wp\/v2\/product_cat?post=840902"},{"taxonomy":"product_tag","embeddable":true,"href":"https:\/\/streetmarkets.fr\/app\/wp-json\/wp\/v2\/product_tag?post=840902"}],"curies":[{"name":"wp","href":"https:\/\/api.w.org\/{rel}","templated":true}]}}