{"id":840023,"date":"2024-11-16T01:12:31","date_gmt":"2024-11-16T00:12:31","guid":{"rendered":"https:\/\/streetmarkets.fr\/app\/produit\/body-manches-longues-h24-femme-ecru\/"},"modified":"2025-03-15T01:04:33","modified_gmt":"2025-03-15T00:04:33","slug":"body-manches-longues-h24-femme-ecru","status":"publish","type":"product","link":"https:\/\/streetmarkets.fr\/app\/produit\/body-manches-longues-h24-femme-ecru\/","title":{"rendered":"Body Manches Longues (H24 \/ FEMME \/ Ecru)"},"content":{"rendered":"<p>\u00c0 porter comme une seconde peau, ce body versatile confectionn\u00e9 en cachemire se pr\u00eate \u00e0 toutes vos envies. Un col polo boutonn\u00e9 et des manches longues dessinent une silhouette \u00e9l\u00e9gante. Glissez-le sur un pantalon fluide ou une jupe structur\u00e9e pour un look chic et casual.<\/p>\n<p>&#8211; Body en cachemire certifi\u00e9 GCS\u00ae Femme<br \/>\n<br \/>&#8211; Col polo<br \/>\n<br \/>&#8211; Zipp\u00e9<br \/>\n<br \/>&#8211; Manches longues<br \/>\n<br \/>&#8211; Coupe slim<br \/>\n<br \/>&#8211; Le Good Cashmere Standard\u00ae (GCS) est une norme ind\u00e9pendante pour un cachemire plus durable et plus responsable. Il vise \u00e0 am\u00e9liorer le bien-\u00eatre des ch\u00e8vres cachemire, les conditions de travail des \u00e9leveurs ainsi qu&#8217;\u00e0 prot\u00e9ger l&#8217;environnement.<\/p>\n","protected":false},"excerpt":{"rendered":"<p>\u00c0 porter comme une seconde peau, ce body versatile confectionn\u00e9 en cachemire se pr\u00eate \u00e0 toutes vos envies. Un col polo boutonn\u00e9 et des manches longues dessinent une silhouette \u00e9l\u00e9gante. Glissez-le sur un pantalon fluide ou une jupe structur\u00e9e pour un look chic et casual. &#8211; Body en cachemire certifi\u00e9 GCS\u00ae Femme &#8211; Col polo [&hellip;]<\/p>\n","protected":false},"featured_media":840024,"comment_status":"open","ping_status":"closed","template":"","meta":[],"product_brand":[6868],"product_cat":[1756,1762],"product_tag":[2244],"acf":[],"_links":{"self":[{"href":"https:\/\/streetmarkets.fr\/app\/wp-json\/wp\/v2\/product\/840023"}],"collection":[{"href":"https:\/\/streetmarkets.fr\/app\/wp-json\/wp\/v2\/product"}],"about":[{"href":"https:\/\/streetmarkets.fr\/app\/wp-json\/wp\/v2\/types\/product"}],"replies":[{"embeddable":true,"href":"https:\/\/streetmarkets.fr\/app\/wp-json\/wp\/v2\/comments?post=840023"}],"wp:featuredmedia":[{"embeddable":true,"href":"https:\/\/streetmarkets.fr\/app\/wp-json\/wp\/v2\/media\/840024"}],"wp:attachment":[{"href":"https:\/\/streetmarkets.fr\/app\/wp-json\/wp\/v2\/media?parent=840023"}],"wp:term":[{"taxonomy":"product_brand","embeddable":true,"href":"https:\/\/streetmarkets.fr\/app\/wp-json\/wp\/v2\/product_brand?post=840023"},{"taxonomy":"product_cat","embeddable":true,"href":"https:\/\/streetmarkets.fr\/app\/wp-json\/wp\/v2\/product_cat?post=840023"},{"taxonomy":"product_tag","embeddable":true,"href":"https:\/\/streetmarkets.fr\/app\/wp-json\/wp\/v2\/product_tag?post=840023"}],"curies":[{"name":"wp","href":"https:\/\/api.w.org\/{rel}","templated":true}]}}