{"id":838436,"date":"2024-11-15T07:42:36","date_gmt":"2024-11-15T06:42:36","guid":{"rendered":"https:\/\/streetmarkets.fr\/app\/produit\/bonnet-couleur-long-grey-raccoon-ct-plage\/"},"modified":"2026-05-05T08:37:54","modified_gmt":"2026-05-05T06:37:54","slug":"bonnet-couleur-long-grey-raccoon-ct-plage","status":"publish","type":"product","link":"https:\/\/streetmarkets.fr\/app\/produit\/bonnet-couleur-long-grey-raccoon-ct-plage\/","title":{"rendered":"Bonnet couleur Long grey raccoon &#8211; CT Plage"},"content":{"rendered":"<p><span data-mce-fragment=\"1\"><strong>. Description<\/strong> : Bonnet blanc en laine de raccoon de la marque CT Plage.<\/span><\/p>\n<p><span data-mce-fragment=\"1\">D\u00e9tail : un large revers qui donne une allure sportswear tr\u00e8s tendance \u00e0 ce bonnet.\u00a0<br data-mce-fragment=\"1\"><\/span><\/p>\n<p><span data-mce-fragment=\"1\"><strong>. Couleur<\/strong> : L GREY<\/span><\/p>\n<p><span data-mce-fragment=\"1\"><strong>. Composition<\/strong> : Bonnet fabriqu\u00e9 en 100% raccoon<\/span><\/p>\n<p><strong><span data-mce-fragment=\"1\">. Cr\u00e9atrice japonaise<\/span><\/strong> ( adh\u00e9sion au code de conduite CTA)\u00a0<br data-mce-fragment=\"1\"><\/p>\n<p><span>Retrouvez sur notre eshop une s\u00e9lection des plus beaux mod\u00e8les de la nouvelle collection <\/span><a href=\"https:\/\/www.joee.fr\/concept-store-c-t-plage-paris\" target=\"_blank\" rel=\"noopener\">C.T. Plage.<\/a><\/p>\n","protected":false},"excerpt":{"rendered":"<p>. Description : Bonnet blanc en laine de raccoon de la marque CT Plage. D\u00e9tail : un large revers qui donne une allure sportswear tr\u00e8s tendance \u00e0 ce bonnet.\u00a0 . Couleur : L GREY . Composition : Bonnet fabriqu\u00e9 en 100% raccoon . Cr\u00e9atrice japonaise ( adh\u00e9sion au code de conduite CTA)\u00a0 Retrouvez sur notre [&hellip;]<\/p>\n","protected":false},"featured_media":838437,"comment_status":"open","ping_status":"closed","template":"","meta":[],"product_brand":[],"product_cat":[1756,1764],"product_tag":[2244],"acf":[],"_links":{"self":[{"href":"https:\/\/streetmarkets.fr\/app\/wp-json\/wp\/v2\/product\/838436"}],"collection":[{"href":"https:\/\/streetmarkets.fr\/app\/wp-json\/wp\/v2\/product"}],"about":[{"href":"https:\/\/streetmarkets.fr\/app\/wp-json\/wp\/v2\/types\/product"}],"replies":[{"embeddable":true,"href":"https:\/\/streetmarkets.fr\/app\/wp-json\/wp\/v2\/comments?post=838436"}],"wp:featuredmedia":[{"embeddable":true,"href":"https:\/\/streetmarkets.fr\/app\/wp-json\/wp\/v2\/media\/838437"}],"wp:attachment":[{"href":"https:\/\/streetmarkets.fr\/app\/wp-json\/wp\/v2\/media?parent=838436"}],"wp:term":[{"taxonomy":"product_brand","embeddable":true,"href":"https:\/\/streetmarkets.fr\/app\/wp-json\/wp\/v2\/product_brand?post=838436"},{"taxonomy":"product_cat","embeddable":true,"href":"https:\/\/streetmarkets.fr\/app\/wp-json\/wp\/v2\/product_cat?post=838436"},{"taxonomy":"product_tag","embeddable":true,"href":"https:\/\/streetmarkets.fr\/app\/wp-json\/wp\/v2\/product_tag?post=838436"}],"curies":[{"name":"wp","href":"https:\/\/api.w.org\/{rel}","templated":true}]}}