{"id":838432,"date":"2024-11-15T07:42:35","date_gmt":"2024-11-15T06:42:35","guid":{"rendered":"https:\/\/streetmarkets.fr\/app\/produit\/manteau-jim-celeste-bleu-ma-poesie\/"},"modified":"2026-05-12T08:38:07","modified_gmt":"2026-05-12T06:38:07","slug":"manteau-jim-celeste-bleu-ma-poesie","status":"publish","type":"product","link":"https:\/\/streetmarkets.fr\/app\/produit\/manteau-jim-celeste-bleu-ma-poesie\/","title":{"rendered":"Manteau jim c\u00e9leste bleu &#8211; Ma Poesie"},"content":{"rendered":"<div>\n<ul data-mce-fragment=\"1\">\n<li data-mce-fragment=\"1\">\n<div>Manteau matelass\u00e9 en coton imprim\u00e9 Celeste<\/div>\n<ul data-mce-fragment=\"1\">\n<li data-mce-fragment=\"1\">&#8211; Col Teddy<\/li>\n<li data-mce-fragment=\"1\">&#8211; Finition bord-c\u00f4te au col et aux bas de manches<\/li>\n<li data-mce-fragment=\"1\">&#8211; Poches passepoil\u00e9es<\/li>\n<li data-mce-fragment=\"1\">&#8211; Fermeture \u00e9clair m\u00e9tallique dor\u00e9e dissimul\u00e9e<\/li>\n<\/ul>\n<p>\u00a0\u00a0\n<\/li>\n<li>Taille unique<\/li>\n<\/ul>\n<\/div>\n","protected":false},"excerpt":{"rendered":"<p>Manteau matelass\u00e9 en coton imprim\u00e9 Celeste &#8211; Col Teddy &#8211; Finition bord-c\u00f4te au col et aux bas de manches &#8211; Poches passepoil\u00e9es &#8211; Fermeture \u00e9clair m\u00e9tallique dor\u00e9e dissimul\u00e9e \u00a0\u00a0 Taille unique<\/p>\n","protected":false},"featured_media":838433,"comment_status":"open","ping_status":"closed","template":"","meta":[],"product_brand":[],"product_cat":[1756,1762],"product_tag":[2244],"acf":[],"_links":{"self":[{"href":"https:\/\/streetmarkets.fr\/app\/wp-json\/wp\/v2\/product\/838432"}],"collection":[{"href":"https:\/\/streetmarkets.fr\/app\/wp-json\/wp\/v2\/product"}],"about":[{"href":"https:\/\/streetmarkets.fr\/app\/wp-json\/wp\/v2\/types\/product"}],"replies":[{"embeddable":true,"href":"https:\/\/streetmarkets.fr\/app\/wp-json\/wp\/v2\/comments?post=838432"}],"wp:featuredmedia":[{"embeddable":true,"href":"https:\/\/streetmarkets.fr\/app\/wp-json\/wp\/v2\/media\/838433"}],"wp:attachment":[{"href":"https:\/\/streetmarkets.fr\/app\/wp-json\/wp\/v2\/media?parent=838432"}],"wp:term":[{"taxonomy":"product_brand","embeddable":true,"href":"https:\/\/streetmarkets.fr\/app\/wp-json\/wp\/v2\/product_brand?post=838432"},{"taxonomy":"product_cat","embeddable":true,"href":"https:\/\/streetmarkets.fr\/app\/wp-json\/wp\/v2\/product_cat?post=838432"},{"taxonomy":"product_tag","embeddable":true,"href":"https:\/\/streetmarkets.fr\/app\/wp-json\/wp\/v2\/product_tag?post=838432"}],"curies":[{"name":"wp","href":"https:\/\/api.w.org\/{rel}","templated":true}]}}