{"id":824120,"date":"2024-11-14T00:38:22","date_gmt":"2024-11-13T23:38:22","guid":{"rendered":"https:\/\/streetmarkets.fr\/app\/produit\/bracelet-le-sirocco\/"},"modified":"2025-03-24T00:38:28","modified_gmt":"2025-03-23T23:38:28","slug":"bracelet-le-sirocco","status":"publish","type":"product","link":"https:\/\/streetmarkets.fr\/app\/produit\/bracelet-le-sirocco\/","title":{"rendered":"Bracelet Le Sirocco"},"content":{"rendered":"<p data-mce-fragment=\"1\">Un bracelet qui vous accompagnera toute votre vie.<\/p>\n<ul data-mce-fragment=\"1\">\n<li data-mce-fragment=\"1\">Finition Argent Vieilli<\/li>\n<li data-mce-fragment=\"1\">Int\u00e9gralement fabriqu\u00e9 en France<\/li>\n<li data-mce-fragment=\"1\">Confectionn\u00e9 \u00e0 la main<\/li>\n<li data-mce-fragment=\"1\">Cordon garanti \u00e0 vie<\/li>\n<li data-mce-fragment=\"1\">R\u00e9sistant \u00e0 l&#8217;eau<\/li>\n<li data-mce-fragment=\"1\">Unisexe<br data-mce-fragment=\"1\">\n<\/li>\n<li data-mce-fragment=\"1\">Sans allerg\u00e8ne<\/li>\n<\/ul>\n<div data-mce-fragment=\"1\">\n<p data-mce-fragment=\"1\">Les cr\u00e9ations Le Vent \u00e0 la Fran\u00e7aise sont confectionn\u00e9es avec soin, dans le but de vous accompagner le plus longtemps possible \u00e0 votre poignet.<\/p>\n<\/div>\n<ul class=\"outter-small-top\" data-mce-fragment=\"1\">\n<li class=\"line-height\" data-mce-fragment=\"1\">M\u00e9daille en bronze finition Argent Vieilli<\/li>\n<li class=\"line-height\" data-mce-fragment=\"1\">Diam\u00e8tre de la m\u00e9daille \u2013 22mm<\/li>\n<li class=\"line-height\" data-mce-fragment=\"1\">\u00c9paisseur de la m\u00e9daille \u2013 2mm<\/li>\n<li class=\"line-height\" data-mce-fragment=\"1\">Cordon ultra r\u00e9sistant<\/li>\n<li class=\"line-height\" data-mce-fragment=\"1\">Diam\u00e8tre du cordon \u2013 2mm<\/li>\n<\/ul>\n","protected":false},"excerpt":{"rendered":"<p>Un bracelet qui vous accompagnera toute votre vie. Finition Argent Vieilli Int\u00e9gralement fabriqu\u00e9 en France Confectionn\u00e9 \u00e0 la main Cordon garanti \u00e0 vie R\u00e9sistant \u00e0 l&#8217;eau Unisexe Sans allerg\u00e8ne Les cr\u00e9ations Le Vent \u00e0 la Fran\u00e7aise sont confectionn\u00e9es avec soin, dans le but de vous accompagner le plus longtemps possible \u00e0 votre poignet. M\u00e9daille en [&hellip;]<\/p>\n","protected":false},"featured_media":824121,"comment_status":"open","ping_status":"closed","template":"","meta":[],"product_brand":[],"product_cat":[1807,1756],"product_tag":[1810],"acf":[],"_links":{"self":[{"href":"https:\/\/streetmarkets.fr\/app\/wp-json\/wp\/v2\/product\/824120"}],"collection":[{"href":"https:\/\/streetmarkets.fr\/app\/wp-json\/wp\/v2\/product"}],"about":[{"href":"https:\/\/streetmarkets.fr\/app\/wp-json\/wp\/v2\/types\/product"}],"replies":[{"embeddable":true,"href":"https:\/\/streetmarkets.fr\/app\/wp-json\/wp\/v2\/comments?post=824120"}],"wp:featuredmedia":[{"embeddable":true,"href":"https:\/\/streetmarkets.fr\/app\/wp-json\/wp\/v2\/media\/824121"}],"wp:attachment":[{"href":"https:\/\/streetmarkets.fr\/app\/wp-json\/wp\/v2\/media?parent=824120"}],"wp:term":[{"taxonomy":"product_brand","embeddable":true,"href":"https:\/\/streetmarkets.fr\/app\/wp-json\/wp\/v2\/product_brand?post=824120"},{"taxonomy":"product_cat","embeddable":true,"href":"https:\/\/streetmarkets.fr\/app\/wp-json\/wp\/v2\/product_cat?post=824120"},{"taxonomy":"product_tag","embeddable":true,"href":"https:\/\/streetmarkets.fr\/app\/wp-json\/wp\/v2\/product_tag?post=824120"}],"curies":[{"name":"wp","href":"https:\/\/api.w.org\/{rel}","templated":true}]}}