{"id":823463,"date":"2024-11-13T01:08:00","date_gmt":"2024-11-13T00:08:00","guid":{"rendered":"https:\/\/streetmarkets.fr\/app\/produit\/pull-col-roule-h24-homme-forest-green\/"},"modified":"2025-03-05T01:01:06","modified_gmt":"2025-03-05T00:01:06","slug":"pull-col-roule-h24-homme-forest-green","status":"publish","type":"product","link":"https:\/\/streetmarkets.fr\/app\/produit\/pull-col-roule-h24-homme-forest-green\/","title":{"rendered":"Pull Col Roul\u00e9 (H24 \/ HOMME \/ Forest Green)"},"content":{"rendered":"<p>Confectionn\u00e9 en cachemire 4 fils, ce pull se pare d&#8217;un jeu de contrastes pour une \u00e9l\u00e9gance d\u00e9contract\u00e9e. M\u00ealant douceur et audace, il arbore des bandes aux \u00e9paules, un col roul\u00e9 et des bords c\u00f4tel\u00e9s. Associez-le \u00e0 un jean d\u00e9contract\u00e9 ou un pantalon droit pour un look sophistiqu\u00e9.<\/p>\n<p>&#8211; Pull en cachemire 4 fils certifi\u00e9 GCS\u00ae Homme<br \/>\n<br \/>&#8211; Bandes contrast\u00e9es<br \/>\n<br \/>&#8211; Col roul\u00e9<br \/>\n<br \/>&#8211; Manches longues<br \/>\n<br \/>&#8211; Bords c\u00f4tel\u00e9s<br \/>\n<br \/>&#8211; Coupe regular<br \/>\n<br \/>&#8211; Le Good Cashmere Standard\u00ae (GCS) est une norme ind\u00e9pendante pour un cachemire plus durable et plus responsable. Il vise \u00e0 am\u00e9liorer le bien-\u00eatre des ch\u00e8vres cachemire, les conditions de travail des \u00e9leveurs ainsi qu&#8217;\u00e0 prot\u00e9ger l&#8217;environnement.<\/p>\n","protected":false},"excerpt":{"rendered":"<p>Confectionn\u00e9 en cachemire 4 fils, ce pull se pare d&#8217;un jeu de contrastes pour une \u00e9l\u00e9gance d\u00e9contract\u00e9e. M\u00ealant douceur et audace, il arbore des bandes aux \u00e9paules, un col roul\u00e9 et des bords c\u00f4tel\u00e9s. Associez-le \u00e0 un jean d\u00e9contract\u00e9 ou un pantalon droit pour un look sophistiqu\u00e9. &#8211; Pull en cachemire 4 fils certifi\u00e9 GCS\u00ae [&hellip;]<\/p>\n","protected":false},"featured_media":823464,"comment_status":"open","ping_status":"closed","template":"","meta":[],"product_brand":[6868],"product_cat":[1756,1758],"product_tag":[2244],"acf":[],"_links":{"self":[{"href":"https:\/\/streetmarkets.fr\/app\/wp-json\/wp\/v2\/product\/823463"}],"collection":[{"href":"https:\/\/streetmarkets.fr\/app\/wp-json\/wp\/v2\/product"}],"about":[{"href":"https:\/\/streetmarkets.fr\/app\/wp-json\/wp\/v2\/types\/product"}],"replies":[{"embeddable":true,"href":"https:\/\/streetmarkets.fr\/app\/wp-json\/wp\/v2\/comments?post=823463"}],"wp:featuredmedia":[{"embeddable":true,"href":"https:\/\/streetmarkets.fr\/app\/wp-json\/wp\/v2\/media\/823464"}],"wp:attachment":[{"href":"https:\/\/streetmarkets.fr\/app\/wp-json\/wp\/v2\/media?parent=823463"}],"wp:term":[{"taxonomy":"product_brand","embeddable":true,"href":"https:\/\/streetmarkets.fr\/app\/wp-json\/wp\/v2\/product_brand?post=823463"},{"taxonomy":"product_cat","embeddable":true,"href":"https:\/\/streetmarkets.fr\/app\/wp-json\/wp\/v2\/product_cat?post=823463"},{"taxonomy":"product_tag","embeddable":true,"href":"https:\/\/streetmarkets.fr\/app\/wp-json\/wp\/v2\/product_tag?post=823463"}],"curies":[{"name":"wp","href":"https:\/\/api.w.org\/{rel}","templated":true}]}}