{"id":823136,"date":"2024-11-12T23:59:39","date_gmt":"2024-11-12T22:59:39","guid":{"rendered":"https:\/\/streetmarkets.fr\/app\/produit\/brosse-a-cheveux-ronde-brushing\/"},"modified":"2026-05-11T00:55:47","modified_gmt":"2026-05-10T22:55:47","slug":"brosse-a-cheveux-ronde-brushing","status":"publish","type":"product","link":"https:\/\/streetmarkets.fr\/app\/produit\/brosse-a-cheveux-ronde-brushing\/","title":{"rendered":"Brosse \u00e0 cheveux Ronde Brushing"},"content":{"rendered":"<p>La brosse \u00e0 cheveux ronde Bachca est l&#8217;accessoire id\u00e9al pour obtenir un brushing volumineux et naturel. Con\u00e7ue avec des mat\u00e9riaux de qualit\u00e9 et une ergonomie pens\u00e9e pour le confort, cette brosse facilite le coiffage tout en prenant soin de vos cheveux. Son design \u00e9l\u00e9gant et intemporel en fait un bel objet \u00e0 avoir dans votre salle de bain.<\/p>\n<p>Fabriqu\u00e9e avec soin et qualit\u00e9 en France.<\/p>\n<p>D\u00c9TAILS<\/p>\n<ul>\n<li>La brosse mesure 22 cm de long.<\/li>\n<li>Convient \u00e0 tous les types de cheveux (de secs \u00e0 gras) et toutes les natures de cheveux (de lisses \u00e0 cr\u00e9pus).\u00a0\n<\/li>\n<li>s&#8217;utilise seule pour lisser les cheveux et apporter du volume, ou bien avec un s\u00e8che cheveux basse temp\u00e9rature pour un brushing plus sophistiqu\u00e9<\/li>\n<\/ul>\n<p>COMPOSITION<\/p>\n<ul>\n<li>Poils : 100 % poils de sanglier, pour un brossage en douceur<\/li>\n<li>Manche : Bois naturel, design ergonomique, respectueux de l\u2019environnement et agr\u00e9able \u00e0 manipuler.\n<\/li>\n<li>Le packaging en 100% carton recyclable est fabriqu\u00e9 dans le sud de la France, et provient de for\u00eat g\u00e9r\u00e9es durablement.\u00a0<\/li>\n<li>La brosse \u00e0 cheveux ronde brushing est fabriqu\u00e9e en France avec des partenaires locaux et de confiance.<\/li>\n<\/ul>\n<p>LE CONSEIL D&#8217;ASTRID<\/p>\n<p>Utilisez la brosse ronde Bachca avec votre s\u00e8che-cheveux en enroulant les m\u00e8ches autour de la brosse et en appliquant une l\u00e9g\u00e8re tension pour un brushing lisse et volumineux. Convient pour les cheveux de longueur moyenne \u00e0 longue.<\/p>\n<p>CONSEIL D&#8217;ENTRETIEN<\/p>\n<p>Pour maintenir la qualit\u00e9 de votre brosse, nettoyez-la r\u00e9guli\u00e8rement en retirant les cheveux qui restent coinc\u00e9s entre les poils. Vous pouvez \u00e9galement la laver avec du shampoing doux \u00e0 l&#8217;eau ti\u00e8de en la frottant d\u00e9licatement puis en la faisant s\u00e9cher \u00e0 l&#8217;air libre.<\/p>\n<p>LA MARQUE<\/p>\n<p>\u2013 Des accessoires de beaut\u00e9 \u00e9l\u00e9gants et durables &#8211;\u00a0<\/p>\n<p>La marque Bachca propose une collection d\u2019accessoires de beaut\u00e9 qui allie esth\u00e9tisme et efficacit\u00e9. Chaque produit est con\u00e7u pour offrir une exp\u00e9rience agr\u00e9able et respectueuse du soin, tout en privil\u00e9giant des mat\u00e9riaux durables et de qualit\u00e9. Avec Bachca, adoptez un rituel de beaut\u00e9 qui prend soin de vous et de l&#8217;environnement.<\/p>\n","protected":false},"excerpt":{"rendered":"<p>La brosse \u00e0 cheveux ronde Bachca est l&#8217;accessoire id\u00e9al pour obtenir un brushing volumineux et naturel. Con\u00e7ue avec des mat\u00e9riaux de qualit\u00e9 et une ergonomie pens\u00e9e pour le confort, cette brosse facilite le coiffage tout en prenant soin de vos cheveux. Son design \u00e9l\u00e9gant et intemporel en fait un bel objet \u00e0 avoir dans votre [&hellip;]<\/p>\n","protected":false},"featured_media":823137,"comment_status":"open","ping_status":"closed","template":"","meta":[],"product_brand":[],"product_cat":[1756,1764],"product_tag":[1813],"acf":[],"_links":{"self":[{"href":"https:\/\/streetmarkets.fr\/app\/wp-json\/wp\/v2\/product\/823136"}],"collection":[{"href":"https:\/\/streetmarkets.fr\/app\/wp-json\/wp\/v2\/product"}],"about":[{"href":"https:\/\/streetmarkets.fr\/app\/wp-json\/wp\/v2\/types\/product"}],"replies":[{"embeddable":true,"href":"https:\/\/streetmarkets.fr\/app\/wp-json\/wp\/v2\/comments?post=823136"}],"wp:featuredmedia":[{"embeddable":true,"href":"https:\/\/streetmarkets.fr\/app\/wp-json\/wp\/v2\/media\/823137"}],"wp:attachment":[{"href":"https:\/\/streetmarkets.fr\/app\/wp-json\/wp\/v2\/media?parent=823136"}],"wp:term":[{"taxonomy":"product_brand","embeddable":true,"href":"https:\/\/streetmarkets.fr\/app\/wp-json\/wp\/v2\/product_brand?post=823136"},{"taxonomy":"product_cat","embeddable":true,"href":"https:\/\/streetmarkets.fr\/app\/wp-json\/wp\/v2\/product_cat?post=823136"},{"taxonomy":"product_tag","embeddable":true,"href":"https:\/\/streetmarkets.fr\/app\/wp-json\/wp\/v2\/product_tag?post=823136"}],"curies":[{"name":"wp","href":"https:\/\/api.w.org\/{rel}","templated":true}]}}