{"id":820246,"date":"2024-11-09T01:06:25","date_gmt":"2024-11-09T00:06:25","guid":{"rendered":"https:\/\/streetmarkets.fr\/app\/produit\/nouveau-mother-jean-the-outsider-flood-not-today-satan\/"},"modified":"2026-05-06T02:00:30","modified_gmt":"2026-05-06T00:00:30","slug":"nouveau-mother-jean-the-outsider-flood-not-today-satan","status":"publish","type":"product","link":"https:\/\/streetmarkets.fr\/app\/produit\/nouveau-mother-jean-the-outsider-flood-not-today-satan\/","title":{"rendered":"MOTHER Jean The Outsider Flood Not Today Satan -30%"},"content":{"rendered":"<p>Le jean The Outsider Flood dans le wash Not Today Satan, un washed black \/ anthracite essentiel \u00e0 une garde-robe. Jean bootcut ( l\u00e9g\u00e8rement \u00e9vas\u00e9 aux chevilles ce qui \u00e9tire la silhouette ), taille haute, coupe pr\u00e8s du corps. <\/p>\n<p>D\u00e9tail : 78% coton, 16% Modal, 4% Polyester, 2% Elasthanne.<\/p>\n<p>Fabriqu\u00e9 \u00e0 Los Angeles<\/p>\n","protected":false},"excerpt":{"rendered":"<p>Le jean The Outsider Flood dans le wash Not Today Satan, un washed black \/ anthracite essentiel \u00e0 une garde-robe. Jean bootcut ( l\u00e9g\u00e8rement \u00e9vas\u00e9 aux chevilles ce qui \u00e9tire la silhouette ), taille haute, coupe pr\u00e8s du corps. D\u00e9tail : 78% coton, 16% Modal, 4% Polyester, 2% Elasthanne. Fabriqu\u00e9 \u00e0 Los Angeles<\/p>\n","protected":false},"featured_media":820247,"comment_status":"open","ping_status":"closed","template":"","meta":[],"product_brand":[],"product_cat":[1756,1762],"product_tag":[2244],"acf":[],"_links":{"self":[{"href":"https:\/\/streetmarkets.fr\/app\/wp-json\/wp\/v2\/product\/820246"}],"collection":[{"href":"https:\/\/streetmarkets.fr\/app\/wp-json\/wp\/v2\/product"}],"about":[{"href":"https:\/\/streetmarkets.fr\/app\/wp-json\/wp\/v2\/types\/product"}],"replies":[{"embeddable":true,"href":"https:\/\/streetmarkets.fr\/app\/wp-json\/wp\/v2\/comments?post=820246"}],"wp:featuredmedia":[{"embeddable":true,"href":"https:\/\/streetmarkets.fr\/app\/wp-json\/wp\/v2\/media\/820247"}],"wp:attachment":[{"href":"https:\/\/streetmarkets.fr\/app\/wp-json\/wp\/v2\/media?parent=820246"}],"wp:term":[{"taxonomy":"product_brand","embeddable":true,"href":"https:\/\/streetmarkets.fr\/app\/wp-json\/wp\/v2\/product_brand?post=820246"},{"taxonomy":"product_cat","embeddable":true,"href":"https:\/\/streetmarkets.fr\/app\/wp-json\/wp\/v2\/product_cat?post=820246"},{"taxonomy":"product_tag","embeddable":true,"href":"https:\/\/streetmarkets.fr\/app\/wp-json\/wp\/v2\/product_tag?post=820246"}],"curies":[{"name":"wp","href":"https:\/\/api.w.org\/{rel}","templated":true}]}}