{"id":820197,"date":"2024-11-09T01:06:20","date_gmt":"2024-11-09T00:06:20","guid":{"rendered":"https:\/\/streetmarkets.fr\/app\/produit\/nouveau-mother-jean-the-spinner-zip-sneak-black-magic\/"},"modified":"2026-05-13T02:00:37","modified_gmt":"2026-05-13T00:00:37","slug":"nouveau-mother-jean-the-spinner-zip-sneak-black-magic","status":"publish","type":"product","link":"https:\/\/streetmarkets.fr\/app\/produit\/nouveau-mother-jean-the-spinner-zip-sneak-black-magic\/","title":{"rendered":"MOTHER Jean The Spinner Zip Sneak Black Magic -40%"},"content":{"rendered":"<p>Le jean Spinner Zip Sneak dans le wash Black Magic, coupe taille haute, flare, jambe large et ample, au tomb\u00e9 impeccable. 100% coton MOTHER SUPERIEUR extra doux et souple, plus vous le portez, plus il est beau :))<\/p>\n<p>D\u00e9tail : 100% coton<\/p>\n<p>Fabriqu\u00e9 \u00e0 Los Angeles<\/p>\n","protected":false},"excerpt":{"rendered":"<p>Le jean Spinner Zip Sneak dans le wash Black Magic, coupe taille haute, flare, jambe large et ample, au tomb\u00e9 impeccable. 100% coton MOTHER SUPERIEUR extra doux et souple, plus vous le portez, plus il est beau :)) D\u00e9tail : 100% coton Fabriqu\u00e9 \u00e0 Los Angeles<\/p>\n","protected":false},"featured_media":820198,"comment_status":"open","ping_status":"closed","template":"","meta":[],"product_brand":[],"product_cat":[1756,1762],"product_tag":[2244],"acf":[],"_links":{"self":[{"href":"https:\/\/streetmarkets.fr\/app\/wp-json\/wp\/v2\/product\/820197"}],"collection":[{"href":"https:\/\/streetmarkets.fr\/app\/wp-json\/wp\/v2\/product"}],"about":[{"href":"https:\/\/streetmarkets.fr\/app\/wp-json\/wp\/v2\/types\/product"}],"replies":[{"embeddable":true,"href":"https:\/\/streetmarkets.fr\/app\/wp-json\/wp\/v2\/comments?post=820197"}],"wp:featuredmedia":[{"embeddable":true,"href":"https:\/\/streetmarkets.fr\/app\/wp-json\/wp\/v2\/media\/820198"}],"wp:attachment":[{"href":"https:\/\/streetmarkets.fr\/app\/wp-json\/wp\/v2\/media?parent=820197"}],"wp:term":[{"taxonomy":"product_brand","embeddable":true,"href":"https:\/\/streetmarkets.fr\/app\/wp-json\/wp\/v2\/product_brand?post=820197"},{"taxonomy":"product_cat","embeddable":true,"href":"https:\/\/streetmarkets.fr\/app\/wp-json\/wp\/v2\/product_cat?post=820197"},{"taxonomy":"product_tag","embeddable":true,"href":"https:\/\/streetmarkets.fr\/app\/wp-json\/wp\/v2\/product_tag?post=820197"}],"curies":[{"name":"wp","href":"https:\/\/api.w.org\/{rel}","templated":true}]}}