{"id":818515,"date":"2024-11-07T01:04:47","date_gmt":"2024-11-07T00:04:47","guid":{"rendered":"https:\/\/streetmarkets.fr\/app\/produit\/sweatshirt-hoodie-ski-club-h24-femme-washed-black\/"},"modified":"2025-03-05T01:01:06","modified_gmt":"2025-03-05T00:01:06","slug":"sweatshirt-hoodie-ski-club-h24-femme-washed-black","status":"publish","type":"product","link":"https:\/\/streetmarkets.fr\/app\/produit\/sweatshirt-hoodie-ski-club-h24-femme-washed-black\/","title":{"rendered":"Sweatshirt Hoodie Ski Club (H24 \/ FEMME \/ Washed Black)"},"content":{"rendered":"<p>Un classique revisit\u00e9 pour d\u00e9valer les pistes avec style. Orn\u00e9 d\u2019une inscription &#8220;Sports d\u2019Hiver From Future Est. 2018&#8221;, ce sweatshirt en coton conf\u00e8re un look sporty-chic. Muni d\u2019un col rond et de manches longues, il s\u2019associe \u00e0 un pantalon d\u00e9contract\u00e9.<\/p>\n<p>&#8211; Sweatshirt en coton Femme<br \/>\n<br \/>&#8211; Inscription &#8220;Sports d\u2019Hiver From Future Est. 2018&#8221;<br \/>\n<br \/>&#8211; Col rond<br \/>\n<br \/>&#8211; Manches longues<br \/>\n<br \/>&#8211; Bords c\u00f4tel\u00e9s<br \/>\n<br \/>&#8211; Coupe regular<\/p>\n","protected":false},"excerpt":{"rendered":"<p>Un classique revisit\u00e9 pour d\u00e9valer les pistes avec style. Orn\u00e9 d\u2019une inscription &#8220;Sports d\u2019Hiver From Future Est. 2018&#8221;, ce sweatshirt en coton conf\u00e8re un look sporty-chic. Muni d\u2019un col rond et de manches longues, il s\u2019associe \u00e0 un pantalon d\u00e9contract\u00e9. &#8211; Sweatshirt en coton Femme &#8211; Inscription &#8220;Sports d\u2019Hiver From Future Est. 2018&#8221; &#8211; Col [&hellip;]<\/p>\n","protected":false},"featured_media":818516,"comment_status":"open","ping_status":"closed","template":"","meta":[],"product_brand":[6868],"product_cat":[1756,1762],"product_tag":[2244],"acf":[],"_links":{"self":[{"href":"https:\/\/streetmarkets.fr\/app\/wp-json\/wp\/v2\/product\/818515"}],"collection":[{"href":"https:\/\/streetmarkets.fr\/app\/wp-json\/wp\/v2\/product"}],"about":[{"href":"https:\/\/streetmarkets.fr\/app\/wp-json\/wp\/v2\/types\/product"}],"replies":[{"embeddable":true,"href":"https:\/\/streetmarkets.fr\/app\/wp-json\/wp\/v2\/comments?post=818515"}],"wp:featuredmedia":[{"embeddable":true,"href":"https:\/\/streetmarkets.fr\/app\/wp-json\/wp\/v2\/media\/818516"}],"wp:attachment":[{"href":"https:\/\/streetmarkets.fr\/app\/wp-json\/wp\/v2\/media?parent=818515"}],"wp:term":[{"taxonomy":"product_brand","embeddable":true,"href":"https:\/\/streetmarkets.fr\/app\/wp-json\/wp\/v2\/product_brand?post=818515"},{"taxonomy":"product_cat","embeddable":true,"href":"https:\/\/streetmarkets.fr\/app\/wp-json\/wp\/v2\/product_cat?post=818515"},{"taxonomy":"product_tag","embeddable":true,"href":"https:\/\/streetmarkets.fr\/app\/wp-json\/wp\/v2\/product_tag?post=818515"}],"curies":[{"name":"wp","href":"https:\/\/api.w.org\/{rel}","templated":true}]}}