{"id":818501,"date":"2024-11-07T01:04:46","date_gmt":"2024-11-07T00:04:46","guid":{"rendered":"https:\/\/streetmarkets.fr\/app\/produit\/jupe-mini-en-cachemire-brosse-h24-femme-hot-red\/"},"modified":"2025-02-04T01:08:55","modified_gmt":"2025-02-04T00:08:55","slug":"jupe-mini-en-cachemire-brosse-h24-femme-hot-red","status":"publish","type":"product","link":"https:\/\/streetmarkets.fr\/app\/produit\/jupe-mini-en-cachemire-brosse-h24-femme-hot-red\/","title":{"rendered":"Jupe Mini en Cachemire Bross\u00e9 (H24 \/ FEMME \/ Hot Red)"},"content":{"rendered":"<p>Confectionn\u00e9e en cachemire bross\u00e9, cette mini-jupe adopte une maille textur\u00e9e et vibrante pour une silhouette chic et audacieuse. \u00c9lastiqu\u00e9e \u00e0 la taille, elle d\u00e9voile une l\u00e9g\u00e8re fente \u00e0 l&#8217;avant. Id\u00e9ale de jour comme de nuit, glissez-la sur une chemise fluide ou un top satin\u00e9.<\/p>\n<p>&#8211; Mini-jupe en cachemire bross\u00e9 Femme<br \/>\n<br \/>&#8211; Taille \u00e9lastiqu\u00e9e<br \/>\n<br \/>&#8211; Petite fente \u00e0 l&#8217;avant<br \/>\n<br \/>&#8211; Coupe slim<br \/>&#8211; <u>Cachemire 2 fils<\/u> <\/p>\n","protected":false},"excerpt":{"rendered":"<p>Confectionn\u00e9e en cachemire bross\u00e9, cette mini-jupe adopte une maille textur\u00e9e et vibrante pour une silhouette chic et audacieuse. \u00c9lastiqu\u00e9e \u00e0 la taille, elle d\u00e9voile une l\u00e9g\u00e8re fente \u00e0 l&#8217;avant. Id\u00e9ale de jour comme de nuit, glissez-la sur une chemise fluide ou un top satin\u00e9. &#8211; Mini-jupe en cachemire bross\u00e9 Femme &#8211; Taille \u00e9lastiqu\u00e9e &#8211; Petite [&hellip;]<\/p>\n","protected":false},"featured_media":818502,"comment_status":"open","ping_status":"closed","template":"","meta":[],"product_brand":[6868],"product_cat":[1756,1762],"product_tag":[2244],"acf":[],"_links":{"self":[{"href":"https:\/\/streetmarkets.fr\/app\/wp-json\/wp\/v2\/product\/818501"}],"collection":[{"href":"https:\/\/streetmarkets.fr\/app\/wp-json\/wp\/v2\/product"}],"about":[{"href":"https:\/\/streetmarkets.fr\/app\/wp-json\/wp\/v2\/types\/product"}],"replies":[{"embeddable":true,"href":"https:\/\/streetmarkets.fr\/app\/wp-json\/wp\/v2\/comments?post=818501"}],"wp:featuredmedia":[{"embeddable":true,"href":"https:\/\/streetmarkets.fr\/app\/wp-json\/wp\/v2\/media\/818502"}],"wp:attachment":[{"href":"https:\/\/streetmarkets.fr\/app\/wp-json\/wp\/v2\/media?parent=818501"}],"wp:term":[{"taxonomy":"product_brand","embeddable":true,"href":"https:\/\/streetmarkets.fr\/app\/wp-json\/wp\/v2\/product_brand?post=818501"},{"taxonomy":"product_cat","embeddable":true,"href":"https:\/\/streetmarkets.fr\/app\/wp-json\/wp\/v2\/product_cat?post=818501"},{"taxonomy":"product_tag","embeddable":true,"href":"https:\/\/streetmarkets.fr\/app\/wp-json\/wp\/v2\/product_tag?post=818501"}],"curies":[{"name":"wp","href":"https:\/\/api.w.org\/{rel}","templated":true}]}}