{"id":818493,"date":"2024-11-07T01:04:45","date_gmt":"2024-11-07T00:04:45","guid":{"rendered":"https:\/\/streetmarkets.fr\/app\/produit\/t-shirt-col-rond-from-future-creative-division-h24-homme-washed-green-am\/"},"modified":"2025-03-16T00:57:12","modified_gmt":"2025-03-15T23:57:12","slug":"t-shirt-col-rond-from-future-creative-division-h24-homme-washed-green-am","status":"publish","type":"product","link":"https:\/\/streetmarkets.fr\/app\/produit\/t-shirt-col-rond-from-future-creative-division-h24-homme-washed-green-am\/","title":{"rendered":"T-shirt Col Rond From Future Creative Division (H24 \/ HOMME \/ Washed Green Am)"},"content":{"rendered":"<p>Orn\u00e9 d&#8217;une inscription &#8220;From Future Creation Division&#8221; \u00e0 l&#8217;avant et au dos, ce t-shirt en coton conf\u00e8re une allure d\u00e9contract\u00e9e en toute \u00e9l\u00e9gance. Muni d&#8217;un col rond et de manches courtes, il s&#8217;associe \u00e0 un jean structur\u00e9 ou un pantalon ample.<\/p>\n<p>&#8211; T-shirt en coton Homme<br \/>\n<br \/>&#8211; Inscription &#8220;From Future Creation Division&#8221; \u00e0 l&#8217;avant et au dos<br \/>\n<br \/>&#8211; Col rond<br \/>\n<br \/>&#8211; Manches courtes<br \/>\n<br \/>&#8211; Coupe regular<\/p>\n","protected":false},"excerpt":{"rendered":"<p>Orn\u00e9 d&#8217;une inscription &#8220;From Future Creation Division&#8221; \u00e0 l&#8217;avant et au dos, ce t-shirt en coton conf\u00e8re une allure d\u00e9contract\u00e9e en toute \u00e9l\u00e9gance. Muni d&#8217;un col rond et de manches courtes, il s&#8217;associe \u00e0 un jean structur\u00e9 ou un pantalon ample. &#8211; T-shirt en coton Homme &#8211; Inscription &#8220;From Future Creation Division&#8221; \u00e0 l&#8217;avant et [&hellip;]<\/p>\n","protected":false},"featured_media":818494,"comment_status":"open","ping_status":"closed","template":"","meta":[],"product_brand":[6868],"product_cat":[1756,1758],"product_tag":[2244],"acf":[],"_links":{"self":[{"href":"https:\/\/streetmarkets.fr\/app\/wp-json\/wp\/v2\/product\/818493"}],"collection":[{"href":"https:\/\/streetmarkets.fr\/app\/wp-json\/wp\/v2\/product"}],"about":[{"href":"https:\/\/streetmarkets.fr\/app\/wp-json\/wp\/v2\/types\/product"}],"replies":[{"embeddable":true,"href":"https:\/\/streetmarkets.fr\/app\/wp-json\/wp\/v2\/comments?post=818493"}],"wp:featuredmedia":[{"embeddable":true,"href":"https:\/\/streetmarkets.fr\/app\/wp-json\/wp\/v2\/media\/818494"}],"wp:attachment":[{"href":"https:\/\/streetmarkets.fr\/app\/wp-json\/wp\/v2\/media?parent=818493"}],"wp:term":[{"taxonomy":"product_brand","embeddable":true,"href":"https:\/\/streetmarkets.fr\/app\/wp-json\/wp\/v2\/product_brand?post=818493"},{"taxonomy":"product_cat","embeddable":true,"href":"https:\/\/streetmarkets.fr\/app\/wp-json\/wp\/v2\/product_cat?post=818493"},{"taxonomy":"product_tag","embeddable":true,"href":"https:\/\/streetmarkets.fr\/app\/wp-json\/wp\/v2\/product_tag?post=818493"}],"curies":[{"name":"wp","href":"https:\/\/api.w.org\/{rel}","templated":true}]}}