{"id":818485,"date":"2024-11-07T01:04:45","date_gmt":"2024-11-07T00:04:45","guid":{"rendered":"https:\/\/streetmarkets.fr\/app\/produit\/t-shirt-col-rond-manches-courtes-love-club-h24-femme-blanc\/"},"modified":"2025-02-17T01:09:22","modified_gmt":"2025-02-17T00:09:22","slug":"t-shirt-col-rond-manches-courtes-love-club-h24-femme-blanc","status":"publish","type":"product","link":"https:\/\/streetmarkets.fr\/app\/produit\/t-shirt-col-rond-manches-courtes-love-club-h24-femme-blanc\/","title":{"rendered":"T-shirt Col Rond Manches Courtes Love Club (H24 \/ FEMME \/ Blanc)"},"content":{"rendered":"<p>Rouge vif et d\u00e9claration audacieuse : ce t-shirt en coton vous invite \u00e0 rejoindre le Love Club ! Son col rond c\u00f4tel\u00e9 et ses manches courtes en font une pi\u00e8ce versatile, \u00e0 porter au quotidien avec une jupe fluide pour une allure sophistiqu\u00e9e ou un pantalon ample pour un look casual.<\/p>\n<p>&#8211; T-shirt en coton Femme<br \/>\n<br \/>&#8211; Inscription &#8220;Love Club&#8221;<br \/>\n<br \/>&#8211; Col rond c\u00f4tel\u00e9<br \/>\n<br \/>&#8211; Manches courtes<br \/>\n<br \/>&#8211; Coupe regular<\/p>\n","protected":false},"excerpt":{"rendered":"<p>Rouge vif et d\u00e9claration audacieuse : ce t-shirt en coton vous invite \u00e0 rejoindre le Love Club ! Son col rond c\u00f4tel\u00e9 et ses manches courtes en font une pi\u00e8ce versatile, \u00e0 porter au quotidien avec une jupe fluide pour une allure sophistiqu\u00e9e ou un pantalon ample pour un look casual. &#8211; T-shirt en coton [&hellip;]<\/p>\n","protected":false},"featured_media":818486,"comment_status":"open","ping_status":"closed","template":"","meta":[],"product_brand":[6868],"product_cat":[1756,1762],"product_tag":[2244],"acf":[],"_links":{"self":[{"href":"https:\/\/streetmarkets.fr\/app\/wp-json\/wp\/v2\/product\/818485"}],"collection":[{"href":"https:\/\/streetmarkets.fr\/app\/wp-json\/wp\/v2\/product"}],"about":[{"href":"https:\/\/streetmarkets.fr\/app\/wp-json\/wp\/v2\/types\/product"}],"replies":[{"embeddable":true,"href":"https:\/\/streetmarkets.fr\/app\/wp-json\/wp\/v2\/comments?post=818485"}],"wp:featuredmedia":[{"embeddable":true,"href":"https:\/\/streetmarkets.fr\/app\/wp-json\/wp\/v2\/media\/818486"}],"wp:attachment":[{"href":"https:\/\/streetmarkets.fr\/app\/wp-json\/wp\/v2\/media?parent=818485"}],"wp:term":[{"taxonomy":"product_brand","embeddable":true,"href":"https:\/\/streetmarkets.fr\/app\/wp-json\/wp\/v2\/product_brand?post=818485"},{"taxonomy":"product_cat","embeddable":true,"href":"https:\/\/streetmarkets.fr\/app\/wp-json\/wp\/v2\/product_cat?post=818485"},{"taxonomy":"product_tag","embeddable":true,"href":"https:\/\/streetmarkets.fr\/app\/wp-json\/wp\/v2\/product_tag?post=818485"}],"curies":[{"name":"wp","href":"https:\/\/api.w.org\/{rel}","templated":true}]}}