{"id":818452,"date":"2024-11-07T01:04:43","date_gmt":"2024-11-07T00:04:43","guid":{"rendered":"https:\/\/streetmarkets.fr\/app\/produit\/robe-longue-asymetrique-h24-femme-passionate-rose\/"},"modified":"2025-03-15T01:04:32","modified_gmt":"2025-03-15T00:04:32","slug":"robe-longue-asymetrique-h24-femme-passionate-rose","status":"publish","type":"product","link":"https:\/\/streetmarkets.fr\/app\/produit\/robe-longue-asymetrique-h24-femme-passionate-rose\/","title":{"rendered":"Robe Longue Asymetrique (H24 \/ FEMME \/ Passionate Rose)"},"content":{"rendered":"<p>Orn\u00e9e d&#8217;un imprim\u00e9 fleuri, cette robe longue et fluide conf\u00e8re une silhouette irr\u00e9sistible. Munie d&#8217;une manche longue, elle d\u00e9voile un d\u00e9collet\u00e9 asym\u00e9trique, le d\u00e9tail audacieux pour rehausser votre allure. Compl\u00e9tez votre look avec une paire d&#8217;escarpins.<\/p>\n<p>&#8211; Robe longue Femme<br \/>\n<br \/>&#8211; Imprim\u00e9 fleuri<br \/>\n<br \/>&#8211; Asym\u00e9trique<br \/>\n<br \/>&#8211; Une manche longue<br \/>\n<br \/>&#8211; Coupe slim<\/p>\n","protected":false},"excerpt":{"rendered":"<p>Orn\u00e9e d&#8217;un imprim\u00e9 fleuri, cette robe longue et fluide conf\u00e8re une silhouette irr\u00e9sistible. Munie d&#8217;une manche longue, elle d\u00e9voile un d\u00e9collet\u00e9 asym\u00e9trique, le d\u00e9tail audacieux pour rehausser votre allure. Compl\u00e9tez votre look avec une paire d&#8217;escarpins. &#8211; Robe longue Femme &#8211; Imprim\u00e9 fleuri &#8211; Asym\u00e9trique &#8211; Une manche longue &#8211; Coupe slim<\/p>\n","protected":false},"featured_media":818453,"comment_status":"open","ping_status":"closed","template":"","meta":[],"product_brand":[6868],"product_cat":[1756,1762],"product_tag":[2244],"acf":[],"_links":{"self":[{"href":"https:\/\/streetmarkets.fr\/app\/wp-json\/wp\/v2\/product\/818452"}],"collection":[{"href":"https:\/\/streetmarkets.fr\/app\/wp-json\/wp\/v2\/product"}],"about":[{"href":"https:\/\/streetmarkets.fr\/app\/wp-json\/wp\/v2\/types\/product"}],"replies":[{"embeddable":true,"href":"https:\/\/streetmarkets.fr\/app\/wp-json\/wp\/v2\/comments?post=818452"}],"wp:featuredmedia":[{"embeddable":true,"href":"https:\/\/streetmarkets.fr\/app\/wp-json\/wp\/v2\/media\/818453"}],"wp:attachment":[{"href":"https:\/\/streetmarkets.fr\/app\/wp-json\/wp\/v2\/media?parent=818452"}],"wp:term":[{"taxonomy":"product_brand","embeddable":true,"href":"https:\/\/streetmarkets.fr\/app\/wp-json\/wp\/v2\/product_brand?post=818452"},{"taxonomy":"product_cat","embeddable":true,"href":"https:\/\/streetmarkets.fr\/app\/wp-json\/wp\/v2\/product_cat?post=818452"},{"taxonomy":"product_tag","embeddable":true,"href":"https:\/\/streetmarkets.fr\/app\/wp-json\/wp\/v2\/product_tag?post=818452"}],"curies":[{"name":"wp","href":"https:\/\/api.w.org\/{rel}","templated":true}]}}