{"id":818360,"date":"2024-11-07T01:04:04","date_gmt":"2024-11-07T00:04:04","guid":{"rendered":"https:\/\/streetmarkets.fr\/app\/produit\/pull-col-polo-h24-femme-navy-2\/"},"modified":"2025-03-15T01:13:05","modified_gmt":"2025-03-15T00:13:05","slug":"pull-col-polo-h24-femme-navy-2","status":"publish","type":"product","link":"https:\/\/streetmarkets.fr\/app\/produit\/pull-col-polo-h24-femme-navy-2\/","title":{"rendered":"Pull Col Polo (H24 \/ FEMME \/ Navy)"},"content":{"rendered":"<p>Conqu\u00e9rir les sommets avec \u00e9l\u00e9gance. Ce pull c\u00f4tel\u00e9 en cachemire cr\u00e9e un jeu de lignes audacieux. Orn\u00e9 d\u2019une inscription &#8220;Sports d\u2019Hiver From Future&#8221;, il d\u00e9voile un col polo et des bandes contrast\u00e9es sur les manches longues. Glissez-le sur une chemise structur\u00e9e ou sur une robe ajust\u00e9e.<\/p>\n<p>&#8211; Pull en cachemire certifi\u00e9 GCS\u00ae Femme<br \/>\n<br \/>&#8211; C\u00f4tel\u00e9<br \/>\n<br \/>&#8211; Col polo contrast\u00e9<br \/>\n<br \/>&#8211; Inscription &#8220;Sports d\u2019Hiver From Future&#8221;<br \/>\n<br \/>&#8211; Bandes contrast\u00e9es<br \/>\n<br \/>&#8211; Manches longues<br \/>\n<br \/>&#8211; Bords c\u00f4tel\u00e9s<br \/>\n<br \/>&#8211; Coupe regular<br \/>\n<br \/>&#8211; Le Good Cashmere Standard\u00ae (GCS) est une norme ind\u00e9pendante pour un cachemire plus durable et plus responsable. Il vise \u00e0 am\u00e9liorer le bien-\u00eatre des ch\u00e8vres cachemire, les conditions de travail des \u00e9leveurs ainsi qu&#8217;\u00e0 prot\u00e9ger l&#8217;environnement.<br \/>&#8211; <u>Cachemire 4 fils<\/u> <\/p>\n","protected":false},"excerpt":{"rendered":"<p>Conqu\u00e9rir les sommets avec \u00e9l\u00e9gance. Ce pull c\u00f4tel\u00e9 en cachemire cr\u00e9e un jeu de lignes audacieux. Orn\u00e9 d\u2019une inscription &#8220;Sports d\u2019Hiver From Future&#8221;, il d\u00e9voile un col polo et des bandes contrast\u00e9es sur les manches longues. Glissez-le sur une chemise structur\u00e9e ou sur une robe ajust\u00e9e. &#8211; Pull en cachemire certifi\u00e9 GCS\u00ae Femme &#8211; C\u00f4tel\u00e9 [&hellip;]<\/p>\n","protected":false},"featured_media":818361,"comment_status":"open","ping_status":"closed","template":"","meta":[],"product_brand":[6868],"product_cat":[1756,1762],"product_tag":[2244],"acf":[],"_links":{"self":[{"href":"https:\/\/streetmarkets.fr\/app\/wp-json\/wp\/v2\/product\/818360"}],"collection":[{"href":"https:\/\/streetmarkets.fr\/app\/wp-json\/wp\/v2\/product"}],"about":[{"href":"https:\/\/streetmarkets.fr\/app\/wp-json\/wp\/v2\/types\/product"}],"replies":[{"embeddable":true,"href":"https:\/\/streetmarkets.fr\/app\/wp-json\/wp\/v2\/comments?post=818360"}],"wp:featuredmedia":[{"embeddable":true,"href":"https:\/\/streetmarkets.fr\/app\/wp-json\/wp\/v2\/media\/818361"}],"wp:attachment":[{"href":"https:\/\/streetmarkets.fr\/app\/wp-json\/wp\/v2\/media?parent=818360"}],"wp:term":[{"taxonomy":"product_brand","embeddable":true,"href":"https:\/\/streetmarkets.fr\/app\/wp-json\/wp\/v2\/product_brand?post=818360"},{"taxonomy":"product_cat","embeddable":true,"href":"https:\/\/streetmarkets.fr\/app\/wp-json\/wp\/v2\/product_cat?post=818360"},{"taxonomy":"product_tag","embeddable":true,"href":"https:\/\/streetmarkets.fr\/app\/wp-json\/wp\/v2\/product_tag?post=818360"}],"curies":[{"name":"wp","href":"https:\/\/api.w.org\/{rel}","templated":true}]}}