{"id":818298,"date":"2024-11-07T01:04:00","date_gmt":"2024-11-07T00:04:00","guid":{"rendered":"https:\/\/streetmarkets.fr\/app\/produit\/top-manches-longues-en-cachemire-brosse-h24-femme-fairy-pink\/"},"modified":"2025-03-16T00:57:11","modified_gmt":"2025-03-15T23:57:11","slug":"top-manches-longues-en-cachemire-brosse-h24-femme-fairy-pink","status":"publish","type":"product","link":"https:\/\/streetmarkets.fr\/app\/produit\/top-manches-longues-en-cachemire-brosse-h24-femme-fairy-pink\/","title":{"rendered":"Top Manches Longues en Cachemire Bross\u00e9 (H24 \/ FEMME \/ Fairy Pink)"},"content":{"rendered":"<p>Confectionn\u00e9 en cachemire bross\u00e9, ce top ajust\u00e9 r\u00e9chauffe en douceur votre allure de saison. Muni de manches longues et de bords c\u00f4tel\u00e9s, il d\u00e9voile un d\u00e9collet\u00e9 arrondi, sublim\u00e9 d&#8217;une d\u00e9coupe audacieuse et d&#8217;une plaque dor\u00e9e &#8220;Future&#8221;. Id\u00e9al en toutes occasions, il s&#8217;associe \u00e0 un jean ample ou une jupe fluide.<\/p>\n<p>&#8211; Top en cachemire bross\u00e9 Femme<br \/>\n<br \/>&#8211; D\u00e9collet\u00e9 arrondi<br \/>\n<br \/>&#8211; D\u00e9coupe<br \/>\n<br \/>&#8211; Plaque dor\u00e9e &#8220;Future&#8221;<br \/>\n<br \/>&#8211; Manches longues<br \/>\n<br \/>&#8211; Bords c\u00f4tel\u00e9s<br \/>\n<br \/>&#8211; Coupe slim<br \/>&#8211; <u>Cachemire 2 fils<\/u> <\/p>\n","protected":false},"excerpt":{"rendered":"<p>Confectionn\u00e9 en cachemire bross\u00e9, ce top ajust\u00e9 r\u00e9chauffe en douceur votre allure de saison. Muni de manches longues et de bords c\u00f4tel\u00e9s, il d\u00e9voile un d\u00e9collet\u00e9 arrondi, sublim\u00e9 d&#8217;une d\u00e9coupe audacieuse et d&#8217;une plaque dor\u00e9e &#8220;Future&#8221;. Id\u00e9al en toutes occasions, il s&#8217;associe \u00e0 un jean ample ou une jupe fluide. &#8211; Top en cachemire bross\u00e9 [&hellip;]<\/p>\n","protected":false},"featured_media":818299,"comment_status":"open","ping_status":"closed","template":"","meta":[],"product_brand":[6868],"product_cat":[1756,1762],"product_tag":[2244],"acf":[],"_links":{"self":[{"href":"https:\/\/streetmarkets.fr\/app\/wp-json\/wp\/v2\/product\/818298"}],"collection":[{"href":"https:\/\/streetmarkets.fr\/app\/wp-json\/wp\/v2\/product"}],"about":[{"href":"https:\/\/streetmarkets.fr\/app\/wp-json\/wp\/v2\/types\/product"}],"replies":[{"embeddable":true,"href":"https:\/\/streetmarkets.fr\/app\/wp-json\/wp\/v2\/comments?post=818298"}],"wp:featuredmedia":[{"embeddable":true,"href":"https:\/\/streetmarkets.fr\/app\/wp-json\/wp\/v2\/media\/818299"}],"wp:attachment":[{"href":"https:\/\/streetmarkets.fr\/app\/wp-json\/wp\/v2\/media?parent=818298"}],"wp:term":[{"taxonomy":"product_brand","embeddable":true,"href":"https:\/\/streetmarkets.fr\/app\/wp-json\/wp\/v2\/product_brand?post=818298"},{"taxonomy":"product_cat","embeddable":true,"href":"https:\/\/streetmarkets.fr\/app\/wp-json\/wp\/v2\/product_cat?post=818298"},{"taxonomy":"product_tag","embeddable":true,"href":"https:\/\/streetmarkets.fr\/app\/wp-json\/wp\/v2\/product_tag?post=818298"}],"curies":[{"name":"wp","href":"https:\/\/api.w.org\/{rel}","templated":true}]}}