{"id":818233,"date":"2024-11-07T01:03:26","date_gmt":"2024-11-07T00:03:26","guid":{"rendered":"https:\/\/streetmarkets.fr\/app\/produit\/col-camionneur-h24-accessoires-gris-chine-fonce\/"},"modified":"2025-02-24T01:07:45","modified_gmt":"2025-02-24T00:07:45","slug":"col-camionneur-h24-accessoires-gris-chine-fonce","status":"publish","type":"product","link":"https:\/\/streetmarkets.fr\/app\/produit\/col-camionneur-h24-accessoires-gris-chine-fonce\/","title":{"rendered":"Col Camionneur (H24 \/ ACCESSOIRES \/ Gris Chin\u00e9 Fonc\u00e9)"},"content":{"rendered":"<p>Twistez votre look de saison avec ce col camionneur confectionn\u00e9 en cachemire. Dot\u00e9 d&#8217;une fermeture zipp\u00e9e, cet accessoire s&#8217;adapte \u00e0 toutes vos envies : \u00e0 porter ouvert pour un look d\u00e9contract\u00e9, ou ferm\u00e9 pour une \u00e9l\u00e9gance assur\u00e9e. <\/p>\n<p>&#8211; Col camionneur en cachemire certifi\u00e9 GCS\u00ae Femme<br \/>\n<br \/>&#8211; C\u00f4tel\u00e9<br \/>\n<br \/>&#8211; Sans manches<br \/>\n<br \/>&#8211; Coupe regular<br \/>\n<br \/>&#8211; Le Good Cashmere Standard\u00ae (GCS) est une norme ind\u00e9pendante pour un cachemire plus durable et plus responsable. Il vise \u00e0 am\u00e9liorer le bien-\u00eatre des ch\u00e8vres cachemire, les conditions de travail des \u00e9leveurs ainsi qu&#8217;\u00e0 prot\u00e9ger l&#8217;environnement.<\/p>\n","protected":false},"excerpt":{"rendered":"<p>Twistez votre look de saison avec ce col camionneur confectionn\u00e9 en cachemire. Dot\u00e9 d&#8217;une fermeture zipp\u00e9e, cet accessoire s&#8217;adapte \u00e0 toutes vos envies : \u00e0 porter ouvert pour un look d\u00e9contract\u00e9, ou ferm\u00e9 pour une \u00e9l\u00e9gance assur\u00e9e. &#8211; Col camionneur en cachemire certifi\u00e9 GCS\u00ae Femme &#8211; C\u00f4tel\u00e9 &#8211; Sans manches &#8211; Coupe regular &#8211; Le [&hellip;]<\/p>\n","protected":false},"featured_media":818234,"comment_status":"open","ping_status":"closed","template":"","meta":[],"product_brand":[6868],"product_cat":[1756,1760],"product_tag":[2244],"acf":[],"_links":{"self":[{"href":"https:\/\/streetmarkets.fr\/app\/wp-json\/wp\/v2\/product\/818233"}],"collection":[{"href":"https:\/\/streetmarkets.fr\/app\/wp-json\/wp\/v2\/product"}],"about":[{"href":"https:\/\/streetmarkets.fr\/app\/wp-json\/wp\/v2\/types\/product"}],"replies":[{"embeddable":true,"href":"https:\/\/streetmarkets.fr\/app\/wp-json\/wp\/v2\/comments?post=818233"}],"wp:featuredmedia":[{"embeddable":true,"href":"https:\/\/streetmarkets.fr\/app\/wp-json\/wp\/v2\/media\/818234"}],"wp:attachment":[{"href":"https:\/\/streetmarkets.fr\/app\/wp-json\/wp\/v2\/media?parent=818233"}],"wp:term":[{"taxonomy":"product_brand","embeddable":true,"href":"https:\/\/streetmarkets.fr\/app\/wp-json\/wp\/v2\/product_brand?post=818233"},{"taxonomy":"product_cat","embeddable":true,"href":"https:\/\/streetmarkets.fr\/app\/wp-json\/wp\/v2\/product_cat?post=818233"},{"taxonomy":"product_tag","embeddable":true,"href":"https:\/\/streetmarkets.fr\/app\/wp-json\/wp\/v2\/product_tag?post=818233"}],"curies":[{"name":"wp","href":"https:\/\/api.w.org\/{rel}","templated":true}]}}