{"id":814686,"date":"2024-11-06T00:52:14","date_gmt":"2024-11-05T23:52:14","guid":{"rendered":"https:\/\/streetmarkets.fr\/app\/produit\/coffret-chaussettes-sent-with-love-en-bambou\/"},"modified":"2026-05-06T01:43:50","modified_gmt":"2026-05-05T23:43:50","slug":"coffret-chaussettes-sent-with-love-en-bambou","status":"publish","type":"product","link":"https:\/\/streetmarkets.fr\/app\/produit\/coffret-chaussettes-sent-with-love-en-bambou\/","title":{"rendered":"Coffret chaussettes &#8220;sent with love&#8221; en bambou"},"content":{"rendered":"<ul data-mce-fragment=\"1\">\n<li data-mce-fragment=\"1\">coffret de<strong data-mce-fragment=\"1\"><span data-mce-fragment=\"1\">\u00a0<\/span>4 paires<\/strong><span data-mce-fragment=\"1\">\u00a0<\/span>de chaussettes femme<\/li>\n<li data-mce-fragment=\"1\">motif oiseau voyageur, courrier et bicyclette<\/li>\n<li data-mce-fragment=\"1\">\n<span data-mce-fragment=\"1\">49,6 %\u00a0<\/span><strong data-mce-fragment=\"1\">bambou<\/strong>, 29,7%<span data-mce-fragment=\"1\">\u00a0<\/span><strong data-mce-fragment=\"1\">polyester recycl\u00e9, <\/strong>16,8% <strong>coton bio<\/strong>, 2,8% <strong>nylon recycl\u00e9 <\/strong>et 3,1% \u00e9lastanne<\/li>\n<li data-mce-fragment=\"1\">tr\u00e8s confortable<\/li>\n<li data-mce-fragment=\"1\">\n<strong data-mce-fragment=\"1\">anti-bact\u00e9rien<\/strong><span data-mce-fragment=\"1\">\u00a0<\/span>et anti-fongique<\/li>\n<li data-mce-fragment=\"1\">taille<span data-mce-fragment=\"1\">\u00a0<\/span><strong data-mce-fragment=\"1\">unique<\/strong><span data-mce-fragment=\"1\">\u00a0<\/span>36\/40<\/li>\n<li data-mce-fragment=\"1\">marque<span data-mce-fragment=\"1\">\u00a0<\/span><strong data-mce-fragment=\"1\">Thought<\/strong>\n<\/li>\n<li data-mce-fragment=\"1\">\n<strong data-mce-fragment=\"1\">best-seller<\/strong><span data-mce-fragment=\"1\">\u00a0<\/span>de la marque : id\u00e9e cadeau<\/li>\n<\/ul>\n","protected":false},"excerpt":{"rendered":"<p>coffret de\u00a04 paires\u00a0de chaussettes femme motif oiseau voyageur, courrier et bicyclette 49,6 %\u00a0bambou, 29,7%\u00a0polyester recycl\u00e9, 16,8% coton bio, 2,8% nylon recycl\u00e9 et 3,1% \u00e9lastanne tr\u00e8s confortable anti-bact\u00e9rien\u00a0et anti-fongique taille\u00a0unique\u00a036\/40 marque\u00a0Thought best-seller\u00a0de la marque : id\u00e9e cadeau<\/p>\n","protected":false},"featured_media":814687,"comment_status":"open","ping_status":"closed","template":"","meta":[],"product_brand":[],"product_cat":[1756,1764],"product_tag":[1810,1813],"acf":[],"_links":{"self":[{"href":"https:\/\/streetmarkets.fr\/app\/wp-json\/wp\/v2\/product\/814686"}],"collection":[{"href":"https:\/\/streetmarkets.fr\/app\/wp-json\/wp\/v2\/product"}],"about":[{"href":"https:\/\/streetmarkets.fr\/app\/wp-json\/wp\/v2\/types\/product"}],"replies":[{"embeddable":true,"href":"https:\/\/streetmarkets.fr\/app\/wp-json\/wp\/v2\/comments?post=814686"}],"wp:featuredmedia":[{"embeddable":true,"href":"https:\/\/streetmarkets.fr\/app\/wp-json\/wp\/v2\/media\/814687"}],"wp:attachment":[{"href":"https:\/\/streetmarkets.fr\/app\/wp-json\/wp\/v2\/media?parent=814686"}],"wp:term":[{"taxonomy":"product_brand","embeddable":true,"href":"https:\/\/streetmarkets.fr\/app\/wp-json\/wp\/v2\/product_brand?post=814686"},{"taxonomy":"product_cat","embeddable":true,"href":"https:\/\/streetmarkets.fr\/app\/wp-json\/wp\/v2\/product_cat?post=814686"},{"taxonomy":"product_tag","embeddable":true,"href":"https:\/\/streetmarkets.fr\/app\/wp-json\/wp\/v2\/product_tag?post=814686"}],"curies":[{"name":"wp","href":"https:\/\/api.w.org\/{rel}","templated":true}]}}