{"id":814232,"date":"2024-11-05T01:04:18","date_gmt":"2024-11-05T00:04:18","guid":{"rendered":"https:\/\/streetmarkets.fr\/app\/produit\/sweatshirt-hoodie-future-h24-femme-taupe\/"},"modified":"2025-02-25T01:05:54","modified_gmt":"2025-02-25T00:05:54","slug":"sweatshirt-hoodie-future-h24-femme-taupe","status":"publish","type":"product","link":"https:\/\/streetmarkets.fr\/app\/produit\/sweatshirt-hoodie-future-h24-femme-taupe\/","title":{"rendered":"Sweatshirt Hoodie Future (H24 \/ FEMME \/ Taupe)"},"content":{"rendered":"<p>Rejoignez le Future Paris Sports Club avec ce sweatshirt hoodie en coton. Muni d&#8217;une capuche, de manches longues et d&#8217;une poche avant, il d\u00e9voile une signature sur la poitrine et au dos, et des liser\u00e9s contrast\u00e9s. Jouez le total look avec le jogging coordonn\u00e9.<\/p>\n<p>&#8211; Sweatshirt hoodie en coton Femme<br \/>\n<br \/>&#8211; Liser\u00e9s contrast\u00e9s<br \/>\n<br \/>&#8211; Broderie &#8220;From Future&#8221; \u00e0 l&#8217;avant<br \/>\n<br \/>&#8211; Inscription &#8220;Future Paris Sports Club&#8221; au dos<br \/>\n<br \/>&#8211; Capuche<br \/>\n<br \/>&#8211; Manches longues<br \/>\n<br \/>&#8211; Poche avant<br \/>\n<br \/>&#8211; Bords c\u00f4tel\u00e9s<br \/>\n<br \/>&#8211; Coupe regular<\/p>\n","protected":false},"excerpt":{"rendered":"<p>Rejoignez le Future Paris Sports Club avec ce sweatshirt hoodie en coton. Muni d&#8217;une capuche, de manches longues et d&#8217;une poche avant, il d\u00e9voile une signature sur la poitrine et au dos, et des liser\u00e9s contrast\u00e9s. Jouez le total look avec le jogging coordonn\u00e9. &#8211; Sweatshirt hoodie en coton Femme &#8211; Liser\u00e9s contrast\u00e9s &#8211; Broderie [&hellip;]<\/p>\n","protected":false},"featured_media":814233,"comment_status":"open","ping_status":"closed","template":"","meta":[],"product_brand":[6868],"product_cat":[1756,1762],"product_tag":[2244],"acf":[],"_links":{"self":[{"href":"https:\/\/streetmarkets.fr\/app\/wp-json\/wp\/v2\/product\/814232"}],"collection":[{"href":"https:\/\/streetmarkets.fr\/app\/wp-json\/wp\/v2\/product"}],"about":[{"href":"https:\/\/streetmarkets.fr\/app\/wp-json\/wp\/v2\/types\/product"}],"replies":[{"embeddable":true,"href":"https:\/\/streetmarkets.fr\/app\/wp-json\/wp\/v2\/comments?post=814232"}],"wp:featuredmedia":[{"embeddable":true,"href":"https:\/\/streetmarkets.fr\/app\/wp-json\/wp\/v2\/media\/814233"}],"wp:attachment":[{"href":"https:\/\/streetmarkets.fr\/app\/wp-json\/wp\/v2\/media?parent=814232"}],"wp:term":[{"taxonomy":"product_brand","embeddable":true,"href":"https:\/\/streetmarkets.fr\/app\/wp-json\/wp\/v2\/product_brand?post=814232"},{"taxonomy":"product_cat","embeddable":true,"href":"https:\/\/streetmarkets.fr\/app\/wp-json\/wp\/v2\/product_cat?post=814232"},{"taxonomy":"product_tag","embeddable":true,"href":"https:\/\/streetmarkets.fr\/app\/wp-json\/wp\/v2\/product_tag?post=814232"}],"curies":[{"name":"wp","href":"https:\/\/api.w.org\/{rel}","templated":true}]}}