{"id":814205,"date":"2024-11-05T01:04:16","date_gmt":"2024-11-05T00:04:16","guid":{"rendered":"https:\/\/streetmarkets.fr\/app\/produit\/robe-courte-manche-longue-jersey-h24-femme-hot-leopard\/"},"modified":"2025-03-15T01:04:31","modified_gmt":"2025-03-15T00:04:31","slug":"robe-courte-manche-longue-jersey-h24-femme-hot-leopard","status":"publish","type":"product","link":"https:\/\/streetmarkets.fr\/app\/produit\/robe-courte-manche-longue-jersey-h24-femme-hot-leopard\/","title":{"rendered":"Robe Courte Manche Longue Jersey (H24 \/ FEMME \/ Hot Leopard)"},"content":{"rendered":"<p>La taille est ajust\u00e9e et les volumes revisit\u00e9s dans cette robe courte orn\u00e9e d&#8217;un imprim\u00e9 l\u00e9opard. Munie de manches longues et d&#8217;un col rond, elle d\u00e9voile une jupe crois\u00e9e l\u00e9g\u00e8rement fendue. \u00c0 porter comme une seconde peau, r\u00e9haussez votre look avec des sandales \u00e0 talons ou des sneakers.<\/p>\n<p>&#8211; Robe courte Femme<br \/>\n<br \/>&#8211; Imprim\u00e9 l\u00e9opard<br \/>\n<br \/>&#8211; Col rond<br \/>\n<br \/>&#8211; Manches longues<br \/>\n<br \/>&#8211; Jupe crois\u00e9e l\u00e9g\u00e8rement fendue<br \/>\n<br \/>&#8211; Coupe slim<\/p>\n","protected":false},"excerpt":{"rendered":"<p>La taille est ajust\u00e9e et les volumes revisit\u00e9s dans cette robe courte orn\u00e9e d&#8217;un imprim\u00e9 l\u00e9opard. Munie de manches longues et d&#8217;un col rond, elle d\u00e9voile une jupe crois\u00e9e l\u00e9g\u00e8rement fendue. \u00c0 porter comme une seconde peau, r\u00e9haussez votre look avec des sandales \u00e0 talons ou des sneakers. &#8211; Robe courte Femme &#8211; Imprim\u00e9 l\u00e9opard [&hellip;]<\/p>\n","protected":false},"featured_media":814206,"comment_status":"open","ping_status":"closed","template":"","meta":[],"product_brand":[6868],"product_cat":[1756,1762],"product_tag":[2244],"acf":[],"_links":{"self":[{"href":"https:\/\/streetmarkets.fr\/app\/wp-json\/wp\/v2\/product\/814205"}],"collection":[{"href":"https:\/\/streetmarkets.fr\/app\/wp-json\/wp\/v2\/product"}],"about":[{"href":"https:\/\/streetmarkets.fr\/app\/wp-json\/wp\/v2\/types\/product"}],"replies":[{"embeddable":true,"href":"https:\/\/streetmarkets.fr\/app\/wp-json\/wp\/v2\/comments?post=814205"}],"wp:featuredmedia":[{"embeddable":true,"href":"https:\/\/streetmarkets.fr\/app\/wp-json\/wp\/v2\/media\/814206"}],"wp:attachment":[{"href":"https:\/\/streetmarkets.fr\/app\/wp-json\/wp\/v2\/media?parent=814205"}],"wp:term":[{"taxonomy":"product_brand","embeddable":true,"href":"https:\/\/streetmarkets.fr\/app\/wp-json\/wp\/v2\/product_brand?post=814205"},{"taxonomy":"product_cat","embeddable":true,"href":"https:\/\/streetmarkets.fr\/app\/wp-json\/wp\/v2\/product_cat?post=814205"},{"taxonomy":"product_tag","embeddable":true,"href":"https:\/\/streetmarkets.fr\/app\/wp-json\/wp\/v2\/product_tag?post=814205"}],"curies":[{"name":"wp","href":"https:\/\/api.w.org\/{rel}","templated":true}]}}