{"id":814154,"date":"2024-11-05T01:04:13","date_gmt":"2024-11-05T00:04:13","guid":{"rendered":"https:\/\/streetmarkets.fr\/app\/produit\/jogging-droit-from-future-community-h24-homme-navy\/"},"modified":"2025-03-10T01:08:10","modified_gmt":"2025-03-10T00:08:10","slug":"jogging-droit-from-future-community-h24-homme-navy","status":"publish","type":"product","link":"https:\/\/streetmarkets.fr\/app\/produit\/jogging-droit-from-future-community-h24-homme-navy\/","title":{"rendered":"Jogging Droit From Future Community (H24 \/ HOMME \/ Navy)"},"content":{"rendered":"<p>Orn\u00e9 d&#8217;une inscription &#8220;From Future Creation Division&#8221; \u00e0 l&#8217;avant, ce jogging droit conf\u00e8re une silhouette structur\u00e9e en toute d\u00e9contraction. Muni de deux poches lat\u00e9rales, il se resserre \u00e0 la taille et aux chevilles. Jouez le total look avec le sweatshirt coordonn\u00e9. <\/p>\n<p>&#8211; Jogging droit en coton Homme<br \/>\n<br \/>&#8211; Motif &#8220;From Future Community&#8221; \u00e0 l&#8217;avant<br \/>\n<br \/>&#8211; Cordons de serrage \u00e0 taille<br \/>\n<br \/>&#8211; 2 poches lat\u00e9rales<br \/>\n<br \/>&#8211; Resserr\u00e9 aux chevilles<br \/>\n<br \/>&#8211; Coupe regular<\/p>\n","protected":false},"excerpt":{"rendered":"<p>Orn\u00e9 d&#8217;une inscription &#8220;From Future Creation Division&#8221; \u00e0 l&#8217;avant, ce jogging droit conf\u00e8re une silhouette structur\u00e9e en toute d\u00e9contraction. Muni de deux poches lat\u00e9rales, il se resserre \u00e0 la taille et aux chevilles. Jouez le total look avec le sweatshirt coordonn\u00e9. &#8211; Jogging droit en coton Homme &#8211; Motif &#8220;From Future Community&#8221; \u00e0 l&#8217;avant &#8211; [&hellip;]<\/p>\n","protected":false},"featured_media":814155,"comment_status":"open","ping_status":"closed","template":"","meta":[],"product_brand":[6868],"product_cat":[1756,1758],"product_tag":[2244],"acf":[],"_links":{"self":[{"href":"https:\/\/streetmarkets.fr\/app\/wp-json\/wp\/v2\/product\/814154"}],"collection":[{"href":"https:\/\/streetmarkets.fr\/app\/wp-json\/wp\/v2\/product"}],"about":[{"href":"https:\/\/streetmarkets.fr\/app\/wp-json\/wp\/v2\/types\/product"}],"replies":[{"embeddable":true,"href":"https:\/\/streetmarkets.fr\/app\/wp-json\/wp\/v2\/comments?post=814154"}],"wp:featuredmedia":[{"embeddable":true,"href":"https:\/\/streetmarkets.fr\/app\/wp-json\/wp\/v2\/media\/814155"}],"wp:attachment":[{"href":"https:\/\/streetmarkets.fr\/app\/wp-json\/wp\/v2\/media?parent=814154"}],"wp:term":[{"taxonomy":"product_brand","embeddable":true,"href":"https:\/\/streetmarkets.fr\/app\/wp-json\/wp\/v2\/product_brand?post=814154"},{"taxonomy":"product_cat","embeddable":true,"href":"https:\/\/streetmarkets.fr\/app\/wp-json\/wp\/v2\/product_cat?post=814154"},{"taxonomy":"product_tag","embeddable":true,"href":"https:\/\/streetmarkets.fr\/app\/wp-json\/wp\/v2\/product_tag?post=814154"}],"curies":[{"name":"wp","href":"https:\/\/api.w.org\/{rel}","templated":true}]}}