{"id":814140,"date":"2024-11-05T01:04:12","date_gmt":"2024-11-05T00:04:12","guid":{"rendered":"https:\/\/streetmarkets.fr\/app\/produit\/echarpe-a-franges-a-torsades-h24-accessoires-grey-stone-moul\/"},"modified":"2025-02-24T01:07:45","modified_gmt":"2025-02-24T00:07:45","slug":"echarpe-a-franges-a-torsades-h24-accessoires-grey-stone-moul","status":"publish","type":"product","link":"https:\/\/streetmarkets.fr\/app\/produit\/echarpe-a-franges-a-torsades-h24-accessoires-grey-stone-moul\/","title":{"rendered":"Echarpe \u00e0 Franges \u00e0 Torsades (H24 \/ ACCESSOIRES \/ Grey Stone Moul)"},"content":{"rendered":"<p>Emmitouflez-vous en douceur dans cette \u00e9charpe en cachemire, orn\u00e9e d&#8217;un jeu de torsades et des bords c\u00f4tel\u00e9s. Pi\u00e8ce incontournable, elle vient apporter une touche d&#8217;\u00e9l\u00e9gance \u00e0 votre silhouette. <\/p>\n<p>&#8211; \u00c9charpe en cachemire certifi\u00e9 GCS\u00ae<br \/>\n<br \/>&#8211; Torsades<br \/>\n<br \/>&#8211; Bords c\u00f4tel\u00e9s<br \/>\n<br \/>&#8211; Coupe regular<br \/>\n<br \/>&#8211; Le Good Cashmere Standard\u00ae (GCS) est une norme ind\u00e9pendante pour un cachemire plus durable et plus responsable. Il vise \u00e0 am\u00e9liorer le bien-\u00eatre des ch\u00e8vres cachemire, les conditions de travail des \u00e9leveurs ainsi qu&#8217;\u00e0 prot\u00e9ger l&#8217;environnement.<br \/>&#8211; <u>Cachemire 10 fils<\/u> <\/p>\n","protected":false},"excerpt":{"rendered":"<p>Emmitouflez-vous en douceur dans cette \u00e9charpe en cachemire, orn\u00e9e d&#8217;un jeu de torsades et des bords c\u00f4tel\u00e9s. Pi\u00e8ce incontournable, elle vient apporter une touche d&#8217;\u00e9l\u00e9gance \u00e0 votre silhouette. &#8211; \u00c9charpe en cachemire certifi\u00e9 GCS\u00ae &#8211; Torsades &#8211; Bords c\u00f4tel\u00e9s &#8211; Coupe regular &#8211; Le Good Cashmere Standard\u00ae (GCS) est une norme ind\u00e9pendante pour un cachemire [&hellip;]<\/p>\n","protected":false},"featured_media":814141,"comment_status":"open","ping_status":"closed","template":"","meta":[],"product_brand":[6868],"product_cat":[1756,1760],"product_tag":[2244],"acf":[],"_links":{"self":[{"href":"https:\/\/streetmarkets.fr\/app\/wp-json\/wp\/v2\/product\/814140"}],"collection":[{"href":"https:\/\/streetmarkets.fr\/app\/wp-json\/wp\/v2\/product"}],"about":[{"href":"https:\/\/streetmarkets.fr\/app\/wp-json\/wp\/v2\/types\/product"}],"replies":[{"embeddable":true,"href":"https:\/\/streetmarkets.fr\/app\/wp-json\/wp\/v2\/comments?post=814140"}],"wp:featuredmedia":[{"embeddable":true,"href":"https:\/\/streetmarkets.fr\/app\/wp-json\/wp\/v2\/media\/814141"}],"wp:attachment":[{"href":"https:\/\/streetmarkets.fr\/app\/wp-json\/wp\/v2\/media?parent=814140"}],"wp:term":[{"taxonomy":"product_brand","embeddable":true,"href":"https:\/\/streetmarkets.fr\/app\/wp-json\/wp\/v2\/product_brand?post=814140"},{"taxonomy":"product_cat","embeddable":true,"href":"https:\/\/streetmarkets.fr\/app\/wp-json\/wp\/v2\/product_cat?post=814140"},{"taxonomy":"product_tag","embeddable":true,"href":"https:\/\/streetmarkets.fr\/app\/wp-json\/wp\/v2\/product_tag?post=814140"}],"curies":[{"name":"wp","href":"https:\/\/api.w.org\/{rel}","templated":true}]}}