{"id":802601,"date":"2024-10-31T05:42:59","date_gmt":"2024-10-31T04:42:59","guid":{"rendered":"https:\/\/streetmarkets.fr\/app\/produit\/jacob-check-wool-hybrid\/"},"modified":"2026-03-16T05:42:49","modified_gmt":"2026-03-16T04:42:49","slug":"jacob-check-wool-hybrid","status":"publish","type":"product","link":"https:\/\/streetmarkets.fr\/app\/produit\/jacob-check-wool-hybrid\/","title":{"rendered":"Jacob Check Wool Hybrid"},"content":{"rendered":"<p><!--td {border: 1px solid #cccccc;}br {mso-data-placement:same-cell;}--><br \/>\n<!--td {border: 1px solid #cccccc;}br {mso-data-placement:same-cell;}--><\/p>\n<p><span data-sheets-root=\"1\" data-sheets-value='{\"1\":2,\"2\":\"D\u00e9couvrez la Surchemise \u00e0 carreaux Jacob Check Wool Hybrid de la marque Les Deux, disponible dans les tons Dark Navy (Bleu fonc\u00e9) et Olive Night (Beige \/ Vert fonc\u00e9 \/ Vert Clair).\\n\\nCette surchemise \u00e0 la coupe Regular, \u00e9galement connue sous le nom de coupe classique, est con\u00e7ue pour offrir un confort optimal et une grande libert\u00e9 de mouvement. Avec des manches et une poitrine plus amples, cette coupe est plus droite et plus longue au niveau de la taille, adapt\u00e9e \u00e0 la plupart des morphologies.\\n\\nFabriqu\u00e9e dans un m\u00e9lange de laine de qualit\u00e9, la surchemise Jacob Check Wool Hybrid pr\u00e9sente un motif \u00e0 carreaux classique qui ajoute une touche de style intemporel \u00e0 votre tenue. Portez-la comme une surchemise sur un t-shirt ou comme une veste l\u00e9g\u00e8re pour une superposition \u00e9l\u00e9gante par temps frais.\\n\\nAvec son style polyvalent et sa coupe confortable, la Surchemise Jacob Check Wool Hybrid est un ajout essentiel \u00e0 votre garde-robe pour la saison \u00e0 venir.\\n\"}' data-sheets-userformat='{\"2\":897,\"3\":{\"1\":0},\"10\":1,\"11\":4,\"12\":0}'><span data-sheets-root=\"1\" data-sheets-value=\"{&quot;1&quot;:2,&quot;2&quot;:&quot;D\u00e9couvrez la polyvalente Surchemise Jacob Check Wool Hybrid de Les Deux, disponible dans des teintes \u00e9l\u00e9gantes telles que Coffe Brown (Marron \/ beige) et Olive Night (vert \/ vert fonc\u00e9).\\n\\nCette pi\u00e8ce embl\u00e9matique de Les Deux allie le confort et le style dans une silhouette \u00e9pur\u00e9e. Con\u00e7ue en laine m\u00e9lang\u00e9e de qualit\u00e9, elle offre une coupe droite et des manches longues pour un look intemporel et sophistiqu\u00e9. Les poches plaqu\u00e9es \u00e0 la poitrine ajoutent une touche de fonctionnalit\u00e9, tandis que le col classique et la fermeture avant boutonn\u00e9e compl\u00e8tent son esth\u00e9tique sobre.\\n\\nPolyvalente et \u00e9l\u00e9gante, la Surchemise Jacob Check Wool Hybrid peut \u00eatre port\u00e9e comme une surchemise l\u00e9g\u00e8re par-dessus un t-shirt pour un look d\u00e9contract\u00e9, ou comme une veste d'appoint pour une superposition \u00e9l\u00e9gante lorsque la m\u00e9t\u00e9o est plus fraiche. Que ce soit pour une journ\u00e9e en ville ou une soir\u00e9e entre amis, cette surchemise vous accompagnera avec style et confort.&quot;}\" data-sheets-userformat='{\"2\":897,\"3\":{\"1\":0},\"10\":1,\"11\":4,\"12\":0}'>D\u00e9couvrez la surchemise polyvalente\u00a0<strong>Jacob Check Wool Hybrid<\/strong> de <strong>Les Deux<\/strong>, disponible dans des teintes \u00e9l\u00e9gantes telles que Coffee Brown et Olive Night.<\/p>\n<p>Cette pi\u00e8ce <strong>embl\u00e9matique <\/strong>de la marque Les Deux allie le <strong>confort <\/strong>et le <strong>style <\/strong>dans une <strong>silhouette \u00e9pur\u00e9e<\/strong>. Con\u00e7ue en laine m\u00e9lang\u00e9e de qualit\u00e9, elle offre une <strong>coupe droite<\/strong> et des manches longues pour un <strong>look intemporel et sophistiqu\u00e9<\/strong>. Les poches plaqu\u00e9es \u00e0 la poitrine ajoutent une touche de fonctionnalit\u00e9, tandis que le col classique et la fermeture avant boutonn\u00e9e compl\u00e8tent son<strong> esth\u00e9tique sobre<\/strong>.<\/p>\n<p>Polyvalente et \u00e9l\u00e9gante, la Surchemise <strong>Jacob Check Wool Hybrid<\/strong> peut \u00eatre port\u00e9e comme une <strong>surchemise l\u00e9g\u00e8re<\/strong> par-dessus un t-shirt pour un look d\u00e9contract\u00e9, ou comme une <strong>veste d&#8217;appoint <\/strong>pour une superposition \u00e9l\u00e9gante lorsque la m\u00e9t\u00e9o est plus fraiche. Que ce soit pour une journ\u00e9e en ville ou une soir\u00e9e entre amis, cette surchemise vous accompagnera parfaitement.<\/span><br \/><\/span><\/p>\n","protected":false},"excerpt":{"rendered":"<p>D\u00e9couvrez la surchemise polyvalente\u00a0Jacob Check Wool Hybrid de Les Deux, disponible dans des teintes \u00e9l\u00e9gantes telles que Coffee Brown et Olive Night. Cette pi\u00e8ce embl\u00e9matique de la marque Les Deux allie le confort et le style dans une silhouette \u00e9pur\u00e9e. Con\u00e7ue en laine m\u00e9lang\u00e9e de qualit\u00e9, elle offre une coupe droite et des manches longues [&hellip;]<\/p>\n","protected":false},"featured_media":802602,"comment_status":"open","ping_status":"closed","template":"","meta":[],"product_brand":[],"product_cat":[1756,1758],"product_tag":[2244],"acf":[],"_links":{"self":[{"href":"https:\/\/streetmarkets.fr\/app\/wp-json\/wp\/v2\/product\/802601"}],"collection":[{"href":"https:\/\/streetmarkets.fr\/app\/wp-json\/wp\/v2\/product"}],"about":[{"href":"https:\/\/streetmarkets.fr\/app\/wp-json\/wp\/v2\/types\/product"}],"replies":[{"embeddable":true,"href":"https:\/\/streetmarkets.fr\/app\/wp-json\/wp\/v2\/comments?post=802601"}],"wp:featuredmedia":[{"embeddable":true,"href":"https:\/\/streetmarkets.fr\/app\/wp-json\/wp\/v2\/media\/802602"}],"wp:attachment":[{"href":"https:\/\/streetmarkets.fr\/app\/wp-json\/wp\/v2\/media?parent=802601"}],"wp:term":[{"taxonomy":"product_brand","embeddable":true,"href":"https:\/\/streetmarkets.fr\/app\/wp-json\/wp\/v2\/product_brand?post=802601"},{"taxonomy":"product_cat","embeddable":true,"href":"https:\/\/streetmarkets.fr\/app\/wp-json\/wp\/v2\/product_cat?post=802601"},{"taxonomy":"product_tag","embeddable":true,"href":"https:\/\/streetmarkets.fr\/app\/wp-json\/wp\/v2\/product_tag?post=802601"}],"curies":[{"name":"wp","href":"https:\/\/api.w.org\/{rel}","templated":true}]}}