{"id":802241,"date":"2024-10-31T00:52:10","date_gmt":"2024-10-30T23:52:10","guid":{"rendered":"https:\/\/streetmarkets.fr\/app\/produit\/bracelet-best-friends-forever-duo-aimant\/"},"modified":"2026-05-04T01:49:50","modified_gmt":"2026-05-03T23:49:50","slug":"bracelet-best-friends-forever-duo-aimant","status":"publish","type":"product","link":"https:\/\/streetmarkets.fr\/app\/produit\/bracelet-best-friends-forever-duo-aimant\/","title":{"rendered":"Bracelet &#8211; Best Friends Forever, Duo Aimant"},"content":{"rendered":"<p>Ce bracelet &#8220;Best Friends Forever, Duo Aimant&#8221; inspir\u00e9 des souvenirs d\u2019enfance, ce bijou rappelle la d\u00e9licatesse des \u00e9tiquettes cousues sur les v\u00eatements que l&#8217;on portait petit.<\/p>\n<p>Son design minimaliste et \u00e9l\u00e9gant en fait un accessoire polyvalent, une douce c\u00e9l\u00e9bration de l&#8217;amiti\u00e9 qui unit deux personnes. Parfait pour c\u00e9l\u00e9brer une amiti\u00e9 de longue date ou pour marquer un moment sp\u00e9cial.<\/p>\n","protected":false},"excerpt":{"rendered":"<p>Ce bracelet &#8220;Best Friends Forever, Duo Aimant&#8221; inspir\u00e9 des souvenirs d\u2019enfance, ce bijou rappelle la d\u00e9licatesse des \u00e9tiquettes cousues sur les v\u00eatements que l&#8217;on portait petit. Son design minimaliste et \u00e9l\u00e9gant en fait un accessoire polyvalent, une douce c\u00e9l\u00e9bration de l&#8217;amiti\u00e9 qui unit deux personnes. Parfait pour c\u00e9l\u00e9brer une amiti\u00e9 de longue date ou pour [&hellip;]<\/p>\n","protected":false},"featured_media":802242,"comment_status":"open","ping_status":"closed","template":"","meta":[],"product_brand":[],"product_cat":[1807,1756],"product_tag":[2244],"acf":[],"_links":{"self":[{"href":"https:\/\/streetmarkets.fr\/app\/wp-json\/wp\/v2\/product\/802241"}],"collection":[{"href":"https:\/\/streetmarkets.fr\/app\/wp-json\/wp\/v2\/product"}],"about":[{"href":"https:\/\/streetmarkets.fr\/app\/wp-json\/wp\/v2\/types\/product"}],"replies":[{"embeddable":true,"href":"https:\/\/streetmarkets.fr\/app\/wp-json\/wp\/v2\/comments?post=802241"}],"wp:featuredmedia":[{"embeddable":true,"href":"https:\/\/streetmarkets.fr\/app\/wp-json\/wp\/v2\/media\/802242"}],"wp:attachment":[{"href":"https:\/\/streetmarkets.fr\/app\/wp-json\/wp\/v2\/media?parent=802241"}],"wp:term":[{"taxonomy":"product_brand","embeddable":true,"href":"https:\/\/streetmarkets.fr\/app\/wp-json\/wp\/v2\/product_brand?post=802241"},{"taxonomy":"product_cat","embeddable":true,"href":"https:\/\/streetmarkets.fr\/app\/wp-json\/wp\/v2\/product_cat?post=802241"},{"taxonomy":"product_tag","embeddable":true,"href":"https:\/\/streetmarkets.fr\/app\/wp-json\/wp\/v2\/product_tag?post=802241"}],"curies":[{"name":"wp","href":"https:\/\/api.w.org\/{rel}","templated":true}]}}