{"id":801705,"date":"2024-10-30T03:06:48","date_gmt":"2024-10-30T02:06:48","guid":{"rendered":"https:\/\/streetmarkets.fr\/app\/produit\/raer-03-ambre-sandalwood\/"},"modified":"2026-05-13T03:50:47","modified_gmt":"2026-05-13T01:50:47","slug":"raer-03-ambre-sandalwood","status":"publish","type":"product","link":"https:\/\/streetmarkets.fr\/app\/produit\/raer-03-ambre-sandalwood\/","title":{"rendered":"Raer 03"},"content":{"rendered":"<p>El\u00e9gant mais insaisissable, ce parfum s&#8217;ouvre sur un m\u00e9lange s\u00e9duisant de trois ambres diff\u00e9rentes r\u00e9colt\u00e9es traditionnellement \u00e0 la main : la r\u00e9sine d&#8217;amyris, le baume du P\u00e9rou et la r\u00e9sine de storax pour donner des notes balsamiques et poudr\u00e9es de velours. <\/p>\n<p><em><strong>DOUX ET VELOUT\u00c9, MAIS AUSSI AUDACIEUX. UN PARFUM DOUX ET S\u00c9DUISANT QUI SE FOND DANS LA PEAU<\/strong><\/em><\/p>\n<p>Un bois de santal Mysore de l&#8217;Inde, cultiv\u00e9 de mani\u00e8re durable &#8211; le plus rare et le meilleur bois de santal au monde &#8211; apporte des notes bois\u00e9es cr\u00e9meuses dans une \u00e9treinte de rose otto bulgare luxueusement poudr\u00e9e, de fleur de sureau sensuelle et de feuille de magnolia fruit\u00e9e. Un parfum doux et s\u00e9duisant qui se fond dans la peau.<\/p>\n<p><strong>Famille : ambre (musc)<\/strong><br \/><strong>Classification : el\u00e9gant, balsamique (doux), lactonique (cr\u00e9meux), floral<\/strong><\/p>\n<p>Ambre + Sandalwood<\/p>\n<p>Fabriqu\u00e9 \u00e0 la main en Allemagne\u00a0<\/p>\n<p>\u00a0AER003-30<\/p>\n","protected":false},"excerpt":{"rendered":"<p>El\u00e9gant mais insaisissable, ce parfum s&#8217;ouvre sur un m\u00e9lange s\u00e9duisant de trois ambres diff\u00e9rentes r\u00e9colt\u00e9es traditionnellement \u00e0 la main : la r\u00e9sine d&#8217;amyris, le baume du P\u00e9rou et la r\u00e9sine de storax pour donner des notes balsamiques et poudr\u00e9es de velours. DOUX ET VELOUT\u00c9, MAIS AUSSI AUDACIEUX. UN PARFUM DOUX ET S\u00c9DUISANT QUI SE FOND [&hellip;]<\/p>\n","protected":false},"featured_media":801706,"comment_status":"open","ping_status":"closed","template":"","meta":[],"product_brand":[],"product_cat":[1756,1760],"product_tag":[2244],"acf":[],"_links":{"self":[{"href":"https:\/\/streetmarkets.fr\/app\/wp-json\/wp\/v2\/product\/801705"}],"collection":[{"href":"https:\/\/streetmarkets.fr\/app\/wp-json\/wp\/v2\/product"}],"about":[{"href":"https:\/\/streetmarkets.fr\/app\/wp-json\/wp\/v2\/types\/product"}],"replies":[{"embeddable":true,"href":"https:\/\/streetmarkets.fr\/app\/wp-json\/wp\/v2\/comments?post=801705"}],"wp:featuredmedia":[{"embeddable":true,"href":"https:\/\/streetmarkets.fr\/app\/wp-json\/wp\/v2\/media\/801706"}],"wp:attachment":[{"href":"https:\/\/streetmarkets.fr\/app\/wp-json\/wp\/v2\/media?parent=801705"}],"wp:term":[{"taxonomy":"product_brand","embeddable":true,"href":"https:\/\/streetmarkets.fr\/app\/wp-json\/wp\/v2\/product_brand?post=801705"},{"taxonomy":"product_cat","embeddable":true,"href":"https:\/\/streetmarkets.fr\/app\/wp-json\/wp\/v2\/product_cat?post=801705"},{"taxonomy":"product_tag","embeddable":true,"href":"https:\/\/streetmarkets.fr\/app\/wp-json\/wp\/v2\/product_tag?post=801705"}],"curies":[{"name":"wp","href":"https:\/\/api.w.org\/{rel}","templated":true}]}}