{"id":801693,"date":"2024-10-30T03:06:48","date_gmt":"2024-10-30T02:06:48","guid":{"rendered":"https:\/\/streetmarkets.fr\/app\/produit\/raer-10-holy-basil-jasmin-pandan\/"},"modified":"2026-05-13T03:50:47","modified_gmt":"2026-05-13T01:50:47","slug":"raer-10-holy-basil-jasmin-pandan","status":"publish","type":"product","link":"https:\/\/streetmarkets.fr\/app\/produit\/raer-10-holy-basil-jasmin-pandan\/","title":{"rendered":"Raer 10"},"content":{"rendered":"<p>Un parfum frais et vivifiant avec une \u00e2me cr\u00e9ative. Des notes chaudes de bois de c\u00e8dre de Virginie aromatique et de bois de bouddha rouge doux sont fusionn\u00e9es avec un compl\u00e9ment de bergamote ionienne royale de Calabre et de racine de gingembre indon\u00e9sienne \u00e9pic\u00e9e, puis superpos\u00e9es \u00e0 notre propre fleur de lavande fran\u00e7aise et rehauss\u00e9es d&#8217;un soup\u00e7on d&#8217;\u00e9clat par le poivre rose et le petit grain Citronnier. Profond et bois\u00e9 avec une luminosit\u00e9 fascinante.<\/p>\n<p>Il s&#8217;agit d&#8217;un parfum 100 % botanique fabriqu\u00e9 \u00e0 partir d&#8217;ingr\u00e9dients v\u00e9g\u00e9taux rares et durables cultiv\u00e9s pour nous dans le monde entier. Il a \u00e9t\u00e9 fabriqu\u00e9 \u00e0 la main dans notre atelier de Berlin.<\/p>\n<p>100% naturel<br \/>Parfum botanique hautement concentr\u00e9<\/p>\n<p>Holy Basil, Jasmin + Pandan<\/p>\n","protected":false},"excerpt":{"rendered":"<p>Un parfum frais et vivifiant avec une \u00e2me cr\u00e9ative. Des notes chaudes de bois de c\u00e8dre de Virginie aromatique et de bois de bouddha rouge doux sont fusionn\u00e9es avec un compl\u00e9ment de bergamote ionienne royale de Calabre et de racine de gingembre indon\u00e9sienne \u00e9pic\u00e9e, puis superpos\u00e9es \u00e0 notre propre fleur de lavande fran\u00e7aise et rehauss\u00e9es [&hellip;]<\/p>\n","protected":false},"featured_media":801694,"comment_status":"open","ping_status":"closed","template":"","meta":[],"product_brand":[],"product_cat":[1756,1760],"product_tag":[2244],"acf":[],"_links":{"self":[{"href":"https:\/\/streetmarkets.fr\/app\/wp-json\/wp\/v2\/product\/801693"}],"collection":[{"href":"https:\/\/streetmarkets.fr\/app\/wp-json\/wp\/v2\/product"}],"about":[{"href":"https:\/\/streetmarkets.fr\/app\/wp-json\/wp\/v2\/types\/product"}],"replies":[{"embeddable":true,"href":"https:\/\/streetmarkets.fr\/app\/wp-json\/wp\/v2\/comments?post=801693"}],"wp:featuredmedia":[{"embeddable":true,"href":"https:\/\/streetmarkets.fr\/app\/wp-json\/wp\/v2\/media\/801694"}],"wp:attachment":[{"href":"https:\/\/streetmarkets.fr\/app\/wp-json\/wp\/v2\/media?parent=801693"}],"wp:term":[{"taxonomy":"product_brand","embeddable":true,"href":"https:\/\/streetmarkets.fr\/app\/wp-json\/wp\/v2\/product_brand?post=801693"},{"taxonomy":"product_cat","embeddable":true,"href":"https:\/\/streetmarkets.fr\/app\/wp-json\/wp\/v2\/product_cat?post=801693"},{"taxonomy":"product_tag","embeddable":true,"href":"https:\/\/streetmarkets.fr\/app\/wp-json\/wp\/v2\/product_tag?post=801693"}],"curies":[{"name":"wp","href":"https:\/\/api.w.org\/{rel}","templated":true}]}}