{"id":801685,"date":"2024-10-30T03:06:47","date_gmt":"2024-10-30T02:06:47","guid":{"rendered":"https:\/\/streetmarkets.fr\/app\/produit\/raer-04-cedar-ginger\/"},"modified":"2026-05-13T03:50:46","modified_gmt":"2026-05-13T01:50:46","slug":"raer-04-cedar-ginger","status":"publish","type":"product","link":"https:\/\/streetmarkets.fr\/app\/produit\/raer-04-cedar-ginger\/","title":{"rendered":"Raer 04"},"content":{"rendered":"<p>Un parfum frais et vivifiant avec une \u00e2me cr\u00e9ative. Les notes bois\u00e9es chaudes du c\u00e8dre de Virginie aromatique et du bois de bouddha rouge doux sont fusionn\u00e9es avec un m\u00e9lange de bergamote royale et de racine de gingembre \u00e9pic\u00e9e, avant d&#8217;\u00eatre \u00e9tag\u00e9es avec de la lavande fran\u00e7aise et de recevoir un soup\u00e7on d&#8217;\u00e9clat de la part du poivre rose et du petitgrain.<\/p>\n<p><em><strong>UN PARFUM FRAIS ET VIVIFIANT AVEC UNE \u00c2ME CR\u00c9ATIVE ; PROFOND ET BOIS\u00c9 AVEC UNE LUMINOSIT\u00c9 FASCINANTE<\/strong><\/em><\/p>\n<p>Essayez de distinguer les notes individuelles du c\u0153ur lumineux et joyeux du parfum : la bergamote citronn\u00e9e et piquante (pensez au th\u00e9 Earl Grey), la lavande fra\u00eeche et herbac\u00e9e et l&#8217;\u00e9pice douce et chaude de la racine de gingembre. <\/p>\n<p><strong>Famille : bois<\/strong><br \/><strong>Classification : frais, vif, sportif.<\/strong><\/p>\n<p>Fabriqu\u00e9 \u00e0 la main en Allemagne\u00a0<\/p>\n<p>\u00a0AER004-30<\/p>\n<p>\u00a0Cedar + Ginger<\/p>\n","protected":false},"excerpt":{"rendered":"<p>Un parfum frais et vivifiant avec une \u00e2me cr\u00e9ative. Les notes bois\u00e9es chaudes du c\u00e8dre de Virginie aromatique et du bois de bouddha rouge doux sont fusionn\u00e9es avec un m\u00e9lange de bergamote royale et de racine de gingembre \u00e9pic\u00e9e, avant d&#8217;\u00eatre \u00e9tag\u00e9es avec de la lavande fran\u00e7aise et de recevoir un soup\u00e7on d&#8217;\u00e9clat de la [&hellip;]<\/p>\n","protected":false},"featured_media":801686,"comment_status":"open","ping_status":"closed","template":"","meta":[],"product_brand":[],"product_cat":[1756,1760],"product_tag":[2244],"acf":[],"_links":{"self":[{"href":"https:\/\/streetmarkets.fr\/app\/wp-json\/wp\/v2\/product\/801685"}],"collection":[{"href":"https:\/\/streetmarkets.fr\/app\/wp-json\/wp\/v2\/product"}],"about":[{"href":"https:\/\/streetmarkets.fr\/app\/wp-json\/wp\/v2\/types\/product"}],"replies":[{"embeddable":true,"href":"https:\/\/streetmarkets.fr\/app\/wp-json\/wp\/v2\/comments?post=801685"}],"wp:featuredmedia":[{"embeddable":true,"href":"https:\/\/streetmarkets.fr\/app\/wp-json\/wp\/v2\/media\/801686"}],"wp:attachment":[{"href":"https:\/\/streetmarkets.fr\/app\/wp-json\/wp\/v2\/media?parent=801685"}],"wp:term":[{"taxonomy":"product_brand","embeddable":true,"href":"https:\/\/streetmarkets.fr\/app\/wp-json\/wp\/v2\/product_brand?post=801685"},{"taxonomy":"product_cat","embeddable":true,"href":"https:\/\/streetmarkets.fr\/app\/wp-json\/wp\/v2\/product_cat?post=801685"},{"taxonomy":"product_tag","embeddable":true,"href":"https:\/\/streetmarkets.fr\/app\/wp-json\/wp\/v2\/product_tag?post=801685"}],"curies":[{"name":"wp","href":"https:\/\/api.w.org\/{rel}","templated":true}]}}