{"id":801681,"date":"2024-10-30T03:06:47","date_gmt":"2024-10-30T02:06:47","guid":{"rendered":"https:\/\/streetmarkets.fr\/app\/produit\/raer-07-orris-cacao\/"},"modified":"2026-05-13T03:50:46","modified_gmt":"2026-05-13T01:50:46","slug":"raer-07-orris-cacao","status":"publish","type":"product","link":"https:\/\/streetmarkets.fr\/app\/produit\/raer-07-orris-cacao\/","title":{"rendered":"Raer 07"},"content":{"rendered":"<p>Un parfum moderne et sophistiqu\u00e9 construit autour de la r\u00e9sine rare d&#8217;Orris de Toscane, l&#8217;un des ingr\u00e9dients de parfumerie les plus pr\u00e9cieux, les plus chers et les plus embl\u00e9matiques au monde. L&#8217;orris r\u00e9v\u00e8le ses irr\u00e9sistibles et luxuriantes notes de chocolat poudr\u00e9, m\u00eal\u00e9es au Jasmin Sambac \u00e9pic\u00e9 et \u00e0 l&#8217;\u00e9l\u00e9gante Rose Bulgare. La nature lisse et douce du parfum est contrast\u00e9e par des ingr\u00e9dients traditionnellement masculins tels que le Vetyver ha\u00eftien, la r\u00e9sine de myrrhe et le poivre de Timut, pour un caract\u00e8re moderne et audacieux. <\/p>\n<p><em><strong>UN PARFUM INDULGENT ET SOPHISTIQU\u00c9, PLEIN DE BEAUT\u00c9 ET DE TENSION<\/strong><\/em><\/p>\n<p>La tension provient de la fra\u00eecheur menthol\u00e9e de Nepita. La racine cr\u00e9meuse de Calamus souligne la richesse profonde de la terre, et le Baume de Sapin ajoute des notes fruit\u00e9es inattendues d&#8217;orange.<br \/>Orris + Cacao<br \/><strong>Famille : floral doux<\/strong><br \/><strong>Classification : poudr\u00e9, vert, bois\u00e9<\/strong><\/p>\n<p>Contenance : 30ml<\/p>\n<p>Fabriqu\u00e9 \u00e0 la main en Allemagne\u00a0<\/p>\n<p>\u00a0AER007-30<\/p>\n","protected":false},"excerpt":{"rendered":"<p>Un parfum moderne et sophistiqu\u00e9 construit autour de la r\u00e9sine rare d&#8217;Orris de Toscane, l&#8217;un des ingr\u00e9dients de parfumerie les plus pr\u00e9cieux, les plus chers et les plus embl\u00e9matiques au monde. L&#8217;orris r\u00e9v\u00e8le ses irr\u00e9sistibles et luxuriantes notes de chocolat poudr\u00e9, m\u00eal\u00e9es au Jasmin Sambac \u00e9pic\u00e9 et \u00e0 l&#8217;\u00e9l\u00e9gante Rose Bulgare. La nature lisse et [&hellip;]<\/p>\n","protected":false},"featured_media":801682,"comment_status":"open","ping_status":"closed","template":"","meta":[],"product_brand":[],"product_cat":[1756,1760],"product_tag":[2244],"acf":[],"_links":{"self":[{"href":"https:\/\/streetmarkets.fr\/app\/wp-json\/wp\/v2\/product\/801681"}],"collection":[{"href":"https:\/\/streetmarkets.fr\/app\/wp-json\/wp\/v2\/product"}],"about":[{"href":"https:\/\/streetmarkets.fr\/app\/wp-json\/wp\/v2\/types\/product"}],"replies":[{"embeddable":true,"href":"https:\/\/streetmarkets.fr\/app\/wp-json\/wp\/v2\/comments?post=801681"}],"wp:featuredmedia":[{"embeddable":true,"href":"https:\/\/streetmarkets.fr\/app\/wp-json\/wp\/v2\/media\/801682"}],"wp:attachment":[{"href":"https:\/\/streetmarkets.fr\/app\/wp-json\/wp\/v2\/media?parent=801681"}],"wp:term":[{"taxonomy":"product_brand","embeddable":true,"href":"https:\/\/streetmarkets.fr\/app\/wp-json\/wp\/v2\/product_brand?post=801681"},{"taxonomy":"product_cat","embeddable":true,"href":"https:\/\/streetmarkets.fr\/app\/wp-json\/wp\/v2\/product_cat?post=801681"},{"taxonomy":"product_tag","embeddable":true,"href":"https:\/\/streetmarkets.fr\/app\/wp-json\/wp\/v2\/product_tag?post=801681"}],"curies":[{"name":"wp","href":"https:\/\/api.w.org\/{rel}","templated":true}]}}