{"id":794588,"date":"2024-10-27T15:14:21","date_gmt":"2024-10-27T14:14:21","guid":{"rendered":"https:\/\/streetmarkets.fr\/app\/produit\/stan-smith-cf\/"},"modified":"2026-04-12T07:47:33","modified_gmt":"2026-04-12T05:47:33","slug":"stan-smith-cf","status":"publish","type":"product","link":"https:\/\/streetmarkets.fr\/app\/produit\/stan-smith-cf\/","title":{"rendered":"STAN SMITH CF"},"content":{"rendered":"<p>La chaussure Stan Smith est n\u00e9e sur les courts de tennis au d\u00e9but des ann\u00e9es 70. Aujourd&#8217;hui, son style minimaliste continue de se r\u00e9inventer. Con\u00e7ue en cuir souple avec 3 bandes perfor\u00e9es, cette version reste fid\u00e8le au mod\u00e8le original. La nouveaut\u00e9 : les bandes auto-agrippantes qui offrent un maximum de confort.<\/p>\n","protected":false},"excerpt":{"rendered":"<p>La chaussure Stan Smith est n\u00e9e sur les courts de tennis au d\u00e9but des ann\u00e9es 70. Aujourd&#8217;hui, son style minimaliste continue de se r\u00e9inventer. Con\u00e7ue en cuir souple avec 3 bandes perfor\u00e9es, cette version reste fid\u00e8le au mod\u00e8le original. La nouveaut\u00e9 : les bandes auto-agrippantes qui offrent un maximum de confort.<\/p>\n","protected":false},"featured_media":794589,"comment_status":"open","ping_status":"closed","template":"","meta":[],"product_brand":[2530],"product_cat":[1756,1763],"product_tag":[2244],"acf":[],"_links":{"self":[{"href":"https:\/\/streetmarkets.fr\/app\/wp-json\/wp\/v2\/product\/794588"}],"collection":[{"href":"https:\/\/streetmarkets.fr\/app\/wp-json\/wp\/v2\/product"}],"about":[{"href":"https:\/\/streetmarkets.fr\/app\/wp-json\/wp\/v2\/types\/product"}],"replies":[{"embeddable":true,"href":"https:\/\/streetmarkets.fr\/app\/wp-json\/wp\/v2\/comments?post=794588"}],"wp:featuredmedia":[{"embeddable":true,"href":"https:\/\/streetmarkets.fr\/app\/wp-json\/wp\/v2\/media\/794589"}],"wp:attachment":[{"href":"https:\/\/streetmarkets.fr\/app\/wp-json\/wp\/v2\/media?parent=794588"}],"wp:term":[{"taxonomy":"product_brand","embeddable":true,"href":"https:\/\/streetmarkets.fr\/app\/wp-json\/wp\/v2\/product_brand?post=794588"},{"taxonomy":"product_cat","embeddable":true,"href":"https:\/\/streetmarkets.fr\/app\/wp-json\/wp\/v2\/product_cat?post=794588"},{"taxonomy":"product_tag","embeddable":true,"href":"https:\/\/streetmarkets.fr\/app\/wp-json\/wp\/v2\/product_tag?post=794588"}],"curies":[{"name":"wp","href":"https:\/\/api.w.org\/{rel}","templated":true}]}}