{"id":792685,"date":"2024-10-27T15:09:32","date_gmt":"2024-10-27T14:09:32","guid":{"rendered":"https:\/\/streetmarkets.fr\/app\/produit\/c85-5\/"},"modified":"2026-04-28T07:43:10","modified_gmt":"2026-04-28T05:43:10","slug":"c85-5","status":"publish","type":"product","link":"https:\/\/streetmarkets.fr\/app\/produit\/c85-5\/","title":{"rendered":"C85"},"content":{"rendered":"<p>Vous aussi, rejoignez le club Classics en vous laissant tenter pour ce nouveau mod\u00e8le. Sa tige en cuir doux vous apporte un confort et un maintien sup\u00e9rieurs La semelle interm\u00e9diaire vous offre un excellent amorti, et le logo lat\u00e9ral Reebok donne une touche intemporelle \u00e0 ces chaussures au look \u00e0 la fois d\u00e9contract\u00e9 et sophistiqu\u00e9.<\/p>\n","protected":false},"excerpt":{"rendered":"<p>Vous aussi, rejoignez le club Classics en vous laissant tenter pour ce nouveau mod\u00e8le. Sa tige en cuir doux vous apporte un confort et un maintien sup\u00e9rieurs La semelle interm\u00e9diaire vous offre un excellent amorti, et le logo lat\u00e9ral Reebok donne une touche intemporelle \u00e0 ces chaussures au look \u00e0 la fois d\u00e9contract\u00e9 et sophistiqu\u00e9.<\/p>\n","protected":false},"featured_media":792686,"comment_status":"open","ping_status":"closed","template":"","meta":[],"product_brand":[2537],"product_cat":[1756,1759],"product_tag":[2244],"acf":[],"_links":{"self":[{"href":"https:\/\/streetmarkets.fr\/app\/wp-json\/wp\/v2\/product\/792685"}],"collection":[{"href":"https:\/\/streetmarkets.fr\/app\/wp-json\/wp\/v2\/product"}],"about":[{"href":"https:\/\/streetmarkets.fr\/app\/wp-json\/wp\/v2\/types\/product"}],"replies":[{"embeddable":true,"href":"https:\/\/streetmarkets.fr\/app\/wp-json\/wp\/v2\/comments?post=792685"}],"wp:featuredmedia":[{"embeddable":true,"href":"https:\/\/streetmarkets.fr\/app\/wp-json\/wp\/v2\/media\/792686"}],"wp:attachment":[{"href":"https:\/\/streetmarkets.fr\/app\/wp-json\/wp\/v2\/media?parent=792685"}],"wp:term":[{"taxonomy":"product_brand","embeddable":true,"href":"https:\/\/streetmarkets.fr\/app\/wp-json\/wp\/v2\/product_brand?post=792685"},{"taxonomy":"product_cat","embeddable":true,"href":"https:\/\/streetmarkets.fr\/app\/wp-json\/wp\/v2\/product_cat?post=792685"},{"taxonomy":"product_tag","embeddable":true,"href":"https:\/\/streetmarkets.fr\/app\/wp-json\/wp\/v2\/product_tag?post=792685"}],"curies":[{"name":"wp","href":"https:\/\/api.w.org\/{rel}","templated":true}]}}