{"id":791478,"date":"2024-10-27T15:06:37","date_gmt":"2024-10-27T14:06:37","guid":{"rendered":"https:\/\/streetmarkets.fr\/app\/produit\/authentic-slip-on-3\/"},"modified":"2026-04-12T07:41:30","modified_gmt":"2026-04-12T05:41:30","slug":"authentic-slip-on-3","status":"publish","type":"product","link":"https:\/\/streetmarkets.fr\/app\/produit\/authentic-slip-on-3\/","title":{"rendered":"AUTHENTIC SLIP ON"},"content":{"rendered":"<p>Chaussures basses sans lacets, les Vans Classic Slip-On sont dot\u00e9es de finitions \u00e9lastiques sur les c\u00f4t\u00e9s et d&#8217;un col rembourr\u00e9 pour plus de confort. Orn\u00e9es de l&#8217;\u00e9tiquette Vans, elles reposent sur l&#8217;embl\u00e9matique semelle ext\u00e9rieure gaufr\u00e9e, pour une adh\u00e9rence accrue.<\/p>\n","protected":false},"excerpt":{"rendered":"<p>Chaussures basses sans lacets, les Vans Classic Slip-On sont dot\u00e9es de finitions \u00e9lastiques sur les c\u00f4t\u00e9s et d&#8217;un col rembourr\u00e9 pour plus de confort. Orn\u00e9es de l&#8217;\u00e9tiquette Vans, elles reposent sur l&#8217;embl\u00e9matique semelle ext\u00e9rieure gaufr\u00e9e, pour une adh\u00e9rence accrue.<\/p>\n","protected":false},"featured_media":791479,"comment_status":"open","ping_status":"closed","template":"","meta":[],"product_brand":[7138],"product_cat":[1756,1763,1759],"product_tag":[2244],"acf":[],"_links":{"self":[{"href":"https:\/\/streetmarkets.fr\/app\/wp-json\/wp\/v2\/product\/791478"}],"collection":[{"href":"https:\/\/streetmarkets.fr\/app\/wp-json\/wp\/v2\/product"}],"about":[{"href":"https:\/\/streetmarkets.fr\/app\/wp-json\/wp\/v2\/types\/product"}],"replies":[{"embeddable":true,"href":"https:\/\/streetmarkets.fr\/app\/wp-json\/wp\/v2\/comments?post=791478"}],"wp:featuredmedia":[{"embeddable":true,"href":"https:\/\/streetmarkets.fr\/app\/wp-json\/wp\/v2\/media\/791479"}],"wp:attachment":[{"href":"https:\/\/streetmarkets.fr\/app\/wp-json\/wp\/v2\/media?parent=791478"}],"wp:term":[{"taxonomy":"product_brand","embeddable":true,"href":"https:\/\/streetmarkets.fr\/app\/wp-json\/wp\/v2\/product_brand?post=791478"},{"taxonomy":"product_cat","embeddable":true,"href":"https:\/\/streetmarkets.fr\/app\/wp-json\/wp\/v2\/product_cat?post=791478"},{"taxonomy":"product_tag","embeddable":true,"href":"https:\/\/streetmarkets.fr\/app\/wp-json\/wp\/v2\/product_tag?post=791478"}],"curies":[{"name":"wp","href":"https:\/\/api.w.org\/{rel}","templated":true}]}}