{"id":781997,"date":"2024-10-27T14:28:56","date_gmt":"2024-10-27T13:28:56","guid":{"rendered":"https:\/\/streetmarkets.fr\/app\/produit\/ballon-de-rugby-chanel-collector\/"},"modified":"2026-05-08T07:31:48","modified_gmt":"2026-05-08T05:31:48","slug":"ballon-de-rugby-chanel-collector","status":"publish","type":"product","link":"https:\/\/streetmarkets.fr\/app\/produit\/ballon-de-rugby-chanel-collector\/","title":{"rendered":"Ballon de rugby Chanel Collector"},"content":{"rendered":"<p>Ballon de rugby Chanel Collector, \u00e9dit\u00e9s pour la coupe du monde de Rugby en France en 2007 en peu d&#8217;exemplaire. En tr\u00e8s bon \u00e9tat.<\/p>\n","protected":false},"excerpt":{"rendered":"<p>Ballon de rugby Chanel Collector, \u00e9dit\u00e9s pour la coupe du monde de Rugby en France en 2007 en peu d&#8217;exemplaire. En tr\u00e8s bon \u00e9tat.<\/p>\n","protected":false},"featured_media":781998,"comment_status":"open","ping_status":"closed","template":"","meta":[],"product_brand":[],"product_cat":[1756,1764],"product_tag":[2122],"acf":[],"_links":{"self":[{"href":"https:\/\/streetmarkets.fr\/app\/wp-json\/wp\/v2\/product\/781997"}],"collection":[{"href":"https:\/\/streetmarkets.fr\/app\/wp-json\/wp\/v2\/product"}],"about":[{"href":"https:\/\/streetmarkets.fr\/app\/wp-json\/wp\/v2\/types\/product"}],"replies":[{"embeddable":true,"href":"https:\/\/streetmarkets.fr\/app\/wp-json\/wp\/v2\/comments?post=781997"}],"wp:featuredmedia":[{"embeddable":true,"href":"https:\/\/streetmarkets.fr\/app\/wp-json\/wp\/v2\/media\/781998"}],"wp:attachment":[{"href":"https:\/\/streetmarkets.fr\/app\/wp-json\/wp\/v2\/media?parent=781997"}],"wp:term":[{"taxonomy":"product_brand","embeddable":true,"href":"https:\/\/streetmarkets.fr\/app\/wp-json\/wp\/v2\/product_brand?post=781997"},{"taxonomy":"product_cat","embeddable":true,"href":"https:\/\/streetmarkets.fr\/app\/wp-json\/wp\/v2\/product_cat?post=781997"},{"taxonomy":"product_tag","embeddable":true,"href":"https:\/\/streetmarkets.fr\/app\/wp-json\/wp\/v2\/product_tag?post=781997"}],"curies":[{"name":"wp","href":"https:\/\/api.w.org\/{rel}","templated":true}]}}