{"id":781945,"date":"2024-10-27T14:28:53","date_gmt":"2024-10-27T13:28:53","guid":{"rendered":"https:\/\/streetmarkets.fr\/app\/produit\/plaid-hermes-cachemire\/"},"modified":"2026-05-10T07:32:07","modified_gmt":"2026-05-10T05:32:07","slug":"plaid-hermes-cachemire","status":"publish","type":"product","link":"https:\/\/streetmarkets.fr\/app\/produit\/plaid-hermes-cachemire\/","title":{"rendered":"Plaid Herm\u00e8s cachemire"},"content":{"rendered":"<p>Plaid cachemire et laine Herm\u00e8s rouge et gris. En tr\u00e8s bon \u00e9tat.<\/p>\n","protected":false},"excerpt":{"rendered":"<p>Plaid cachemire et laine Herm\u00e8s rouge et gris. En tr\u00e8s bon \u00e9tat.<\/p>\n","protected":false},"featured_media":781946,"comment_status":"open","ping_status":"closed","template":"","meta":[],"product_brand":[],"product_cat":[1756,1764,1760],"product_tag":[2122],"acf":[],"_links":{"self":[{"href":"https:\/\/streetmarkets.fr\/app\/wp-json\/wp\/v2\/product\/781945"}],"collection":[{"href":"https:\/\/streetmarkets.fr\/app\/wp-json\/wp\/v2\/product"}],"about":[{"href":"https:\/\/streetmarkets.fr\/app\/wp-json\/wp\/v2\/types\/product"}],"replies":[{"embeddable":true,"href":"https:\/\/streetmarkets.fr\/app\/wp-json\/wp\/v2\/comments?post=781945"}],"wp:featuredmedia":[{"embeddable":true,"href":"https:\/\/streetmarkets.fr\/app\/wp-json\/wp\/v2\/media\/781946"}],"wp:attachment":[{"href":"https:\/\/streetmarkets.fr\/app\/wp-json\/wp\/v2\/media?parent=781945"}],"wp:term":[{"taxonomy":"product_brand","embeddable":true,"href":"https:\/\/streetmarkets.fr\/app\/wp-json\/wp\/v2\/product_brand?post=781945"},{"taxonomy":"product_cat","embeddable":true,"href":"https:\/\/streetmarkets.fr\/app\/wp-json\/wp\/v2\/product_cat?post=781945"},{"taxonomy":"product_tag","embeddable":true,"href":"https:\/\/streetmarkets.fr\/app\/wp-json\/wp\/v2\/product_tag?post=781945"}],"curies":[{"name":"wp","href":"https:\/\/api.w.org\/{rel}","templated":true}]}}