{"id":780205,"date":"2024-10-26T02:22:37","date_gmt":"2024-10-26T00:22:37","guid":{"rendered":"https:\/\/streetmarkets.fr\/app\/produit\/pull-col-rond-alpaga-h24-femme-taupe-chine\/"},"modified":"2025-03-10T01:08:10","modified_gmt":"2025-03-10T00:08:10","slug":"pull-col-rond-alpaga-h24-femme-taupe-chine","status":"publish","type":"product","link":"https:\/\/streetmarkets.fr\/app\/produit\/pull-col-rond-alpaga-h24-femme-taupe-chine\/","title":{"rendered":"Pull Col Rond Alpaga (H24 \/ FEMME \/ Taupe Chine)"},"content":{"rendered":"<p>Une maille bross\u00e9e s&#8217;invite sur ce pull confectionn\u00e9 \u00e0 partir de laine alpaga 1 fil. Muni d&#8217;un col rond de manches longues et de bords c\u00f4tel\u00e9s, il adopte la couleur phare de la saison. Adoptez un look chic et casual en le mixant \u00e0 une chemise et un pantalon de tailleur structur\u00e9. <\/p>\n<p>&#8211; Pull en maille 1 fil Femme<br \/>\n<br \/>&#8211; Col rond<br \/>\n<br \/>&#8211; Manches longues<br \/>\n<br \/>&#8211; Bords c\u00f4tel\u00e9s<br \/>\n<br \/>&#8211; Coupe regular<\/p>\n","protected":false},"excerpt":{"rendered":"<p>Une maille bross\u00e9e s&#8217;invite sur ce pull confectionn\u00e9 \u00e0 partir de laine alpaga 1 fil. Muni d&#8217;un col rond de manches longues et de bords c\u00f4tel\u00e9s, il adopte la couleur phare de la saison. Adoptez un look chic et casual en le mixant \u00e0 une chemise et un pantalon de tailleur structur\u00e9. &#8211; Pull en [&hellip;]<\/p>\n","protected":false},"featured_media":780206,"comment_status":"open","ping_status":"closed","template":"","meta":[],"product_brand":[6868],"product_cat":[1756,1762],"product_tag":[2244],"acf":[],"_links":{"self":[{"href":"https:\/\/streetmarkets.fr\/app\/wp-json\/wp\/v2\/product\/780205"}],"collection":[{"href":"https:\/\/streetmarkets.fr\/app\/wp-json\/wp\/v2\/product"}],"about":[{"href":"https:\/\/streetmarkets.fr\/app\/wp-json\/wp\/v2\/types\/product"}],"replies":[{"embeddable":true,"href":"https:\/\/streetmarkets.fr\/app\/wp-json\/wp\/v2\/comments?post=780205"}],"wp:featuredmedia":[{"embeddable":true,"href":"https:\/\/streetmarkets.fr\/app\/wp-json\/wp\/v2\/media\/780206"}],"wp:attachment":[{"href":"https:\/\/streetmarkets.fr\/app\/wp-json\/wp\/v2\/media?parent=780205"}],"wp:term":[{"taxonomy":"product_brand","embeddable":true,"href":"https:\/\/streetmarkets.fr\/app\/wp-json\/wp\/v2\/product_brand?post=780205"},{"taxonomy":"product_cat","embeddable":true,"href":"https:\/\/streetmarkets.fr\/app\/wp-json\/wp\/v2\/product_cat?post=780205"},{"taxonomy":"product_tag","embeddable":true,"href":"https:\/\/streetmarkets.fr\/app\/wp-json\/wp\/v2\/product_tag?post=780205"}],"curies":[{"name":"wp","href":"https:\/\/api.w.org\/{rel}","templated":true}]}}