{"id":780090,"date":"2024-10-26T02:21:53","date_gmt":"2024-10-26T00:21:53","guid":{"rendered":"https:\/\/streetmarkets.fr\/app\/produit\/pull-col-rond-h24-femme-sable\/"},"modified":"2025-02-04T01:07:49","modified_gmt":"2025-02-04T00:07:49","slug":"pull-col-rond-h24-femme-sable","status":"publish","type":"product","link":"https:\/\/streetmarkets.fr\/app\/produit\/pull-col-rond-h24-femme-sable\/","title":{"rendered":"Pull Col Rond (H24 \/ FEMME \/ Sable)"},"content":{"rendered":"<p>Orn\u00e9 d&#8217;une signature brod\u00e9e &#8220;F&#8221; sur la poitrine, ce pull long et oversize adopte une maille douce en 100% cachemire. Des bandes bicolores soulignent le col rond, les manches longues et les bords c\u00f4tel\u00e9s, pour une allure chic et structur\u00e9e. Associez-le \u00e0 un jean ample ou une jupe fluide pour un look chic et casual.<\/p>\n<p>&#8211; Pull long en cachemire certifi\u00e9 GCS\u00ae Femme<br \/>\n<br \/>&#8211; Bandes contrast\u00e9es<br \/>\n<br \/>&#8211; Broderie &#8220;F&#8221;<br \/>\n<br \/>&#8211; Col rond<br \/>\n<br \/>&#8211; Bords c\u00f4tel\u00e9s contrast\u00e9s<br \/>\n<br \/>&#8211; Manches longues<br \/>\n<br \/>&#8211; Coupe oversize<br \/>\n<br \/>&#8211; Le Good Cashmere Standard\u00ae (GCS) est une norme ind\u00e9pendante pour un cachemire plus durable et plus responsable. Il vise \u00e0 am\u00e9liorer le bien-\u00eatre des ch\u00e8vres cachemire, les conditions de travail des \u00e9leveurs ainsi qu&#8217;\u00e0 prot\u00e9ger l&#8217;environnement.<br \/>&#8211; <u>Cachemire 4 fils<\/u> <\/p>\n","protected":false},"excerpt":{"rendered":"<p>Orn\u00e9 d&#8217;une signature brod\u00e9e &#8220;F&#8221; sur la poitrine, ce pull long et oversize adopte une maille douce en 100% cachemire. Des bandes bicolores soulignent le col rond, les manches longues et les bords c\u00f4tel\u00e9s, pour une allure chic et structur\u00e9e. Associez-le \u00e0 un jean ample ou une jupe fluide pour un look chic et casual. [&hellip;]<\/p>\n","protected":false},"featured_media":780091,"comment_status":"open","ping_status":"closed","template":"","meta":[],"product_brand":[6868],"product_cat":[1756,1762],"product_tag":[2244],"acf":[],"_links":{"self":[{"href":"https:\/\/streetmarkets.fr\/app\/wp-json\/wp\/v2\/product\/780090"}],"collection":[{"href":"https:\/\/streetmarkets.fr\/app\/wp-json\/wp\/v2\/product"}],"about":[{"href":"https:\/\/streetmarkets.fr\/app\/wp-json\/wp\/v2\/types\/product"}],"replies":[{"embeddable":true,"href":"https:\/\/streetmarkets.fr\/app\/wp-json\/wp\/v2\/comments?post=780090"}],"wp:featuredmedia":[{"embeddable":true,"href":"https:\/\/streetmarkets.fr\/app\/wp-json\/wp\/v2\/media\/780091"}],"wp:attachment":[{"href":"https:\/\/streetmarkets.fr\/app\/wp-json\/wp\/v2\/media?parent=780090"}],"wp:term":[{"taxonomy":"product_brand","embeddable":true,"href":"https:\/\/streetmarkets.fr\/app\/wp-json\/wp\/v2\/product_brand?post=780090"},{"taxonomy":"product_cat","embeddable":true,"href":"https:\/\/streetmarkets.fr\/app\/wp-json\/wp\/v2\/product_cat?post=780090"},{"taxonomy":"product_tag","embeddable":true,"href":"https:\/\/streetmarkets.fr\/app\/wp-json\/wp\/v2\/product_tag?post=780090"}],"curies":[{"name":"wp","href":"https:\/\/api.w.org\/{rel}","templated":true}]}}